Last updated on 2024-04-25 08:00:02 CEST.
Flavor | Version | Tinstall | Tcheck | Ttotal | Status | Flags |
---|---|---|---|---|---|---|
r-devel-linux-x86_64-debian-clang | 1.0-0 | 15.09 | 122.90 | 137.99 | NOTE | |
r-devel-linux-x86_64-debian-gcc | 1.0-0 | 12.85 | 90.18 | 103.03 | NOTE | |
r-devel-linux-x86_64-fedora-clang | 1.0-0 | 169.90 | NOTE | |||
r-devel-linux-x86_64-fedora-gcc | 1.0-0 | 162.34 | NOTE | |||
r-devel-windows-x86_64 | 1.0-0 | 14.00 | 108.00 | 122.00 | NOTE | |
r-patched-linux-x86_64 | 1.0-0 | 14.10 | 116.61 | 130.71 | NOTE | |
r-release-linux-x86_64 | 1.0-0 | 9.66 | 118.85 | 128.51 | OK | |
r-release-macos-arm64 | 1.0-0 | 47.00 | NOTE | |||
r-release-windows-x86_64 | 1.0-0 | 14.00 | 106.00 | 120.00 | NOTE | |
r-oldrel-macos-arm64 | 1.0-0 | 59.00 | OK | |||
r-oldrel-macos-x86_64 | 1.0-0 | 105.00 | OK | |||
r-oldrel-windows-x86_64 | 1.0-0 | 19.00 | 135.00 | 154.00 | OK |
Version: 1.0-0
Check: Rd files
Result: NOTE
checkRd: (-1) setqreportOption.Rd:12: Lost braces in \itemize; meant \describe ?
checkRd: (-1) setqreportOption.Rd:13: Lost braces in \itemize; meant \describe ?
checkRd: (-1) setqreportOption.Rd:14: Lost braces in \itemize; meant \describe ?
checkRd: (-1) setqreportOption.Rd:15: Lost braces in \itemize; meant \describe ?
checkRd: (-1) setqreportOption.Rd:16: Lost braces in \itemize; meant \describe ?
checkRd: (-1) setqreportOption.Rd:17: Lost braces in \itemize; meant \describe ?
checkRd: (-1) setqreportOption.Rd:18: Lost braces in \itemize; meant \describe ?
checkRd: (-1) setqreportOption.Rd:19: Lost braces in \itemize; meant \describe ?
checkRd: (-1) setqreportOption.Rd:20: Lost braces in \itemize; meant \describe ?
checkRd: (-1) setqreportOption.Rd:21: Lost braces in \itemize; meant \describe ?
Flavors: r-devel-linux-x86_64-debian-clang, r-devel-linux-x86_64-debian-gcc, r-devel-linux-x86_64-fedora-clang, r-devel-linux-x86_64-fedora-gcc, r-devel-windows-x86_64, r-patched-linux-x86_64, r-release-macos-arm64, r-release-windows-x86_64
Version: 1.0-0
Check: Rd cross-references
Result: NOTE
Undeclared package ‘mice’ in Rd xrefs
Flavor: r-devel-linux-x86_64-fedora-clang