CRAN Package Check Results for Package qrencoder

Last updated on 2023-06-08 19:54:18 CEST.

Flavor Version Tinstall Tcheck Ttotal Status Flags
r-devel-linux-x86_64-debian-clang 0.1.0 52.05 274.77 326.82 NOTE
r-devel-linux-x86_64-debian-gcc 0.1.0 40.36 205.25 245.61 NOTE
r-devel-linux-x86_64-fedora-clang 0.1.0 412.99 NOTE
r-devel-linux-x86_64-fedora-gcc 0.1.0 398.18 NOTE
r-devel-windows-x86_64 0.1.0 43.00 192.00 235.00 NOTE
r-patched-linux-x86_64 0.1.0 45.63 258.87 304.50 NOTE
r-release-linux-x86_64 0.1.0 46.46 265.05 311.51 NOTE
r-release-macos-arm64 0.1.0 95.00 NOTE
r-release-macos-x86_64 0.1.0 182.00 NOTE
r-release-windows-x86_64 0.1.0 55.00 256.00 311.00 NOTE
r-oldrel-macos-arm64 0.1.0 76.00 NOTE
r-oldrel-macos-x86_64 0.1.0 110.00 NOTE
r-oldrel-windows-x86_64 0.1.0 55.00 256.00 311.00 NOTE

Check Details

Version: 0.1.0
Check: LazyData
Result: NOTE
     'LazyData' is specified without a 'data' directory
Flavors: r-devel-linux-x86_64-debian-clang, r-devel-linux-x86_64-debian-gcc, r-devel-linux-x86_64-fedora-clang, r-devel-linux-x86_64-fedora-gcc, r-devel-windows-x86_64, r-patched-linux-x86_64, r-release-linux-x86_64, r-release-macos-arm64, r-release-macos-x86_64, r-release-windows-x86_64, r-oldrel-macos-arm64, r-oldrel-macos-x86_64, r-oldrel-windows-x86_64

Version: 0.1.0
Check: compiled code
Result: NOTE
    File ‘qrencoder/libs/qrencoder.so’:
     Found no calls to: ‘R_registerRoutines’, ‘R_useDynamicSymbols’
    
    It is good practice to register native routines and to disable symbol
    search.
    
    See ‘Writing portable packages’ in the ‘Writing R Extensions’ manual.
Flavors: r-devel-linux-x86_64-fedora-clang, r-devel-linux-x86_64-fedora-gcc