Last updated on 2024-03-28 19:48:41 CET.
Flavor | Version | Tinstall | Tcheck | Ttotal | Status | Flags |
---|---|---|---|---|---|---|
r-devel-linux-x86_64-debian-clang | 0.2.7 | 12.70 | 218.27 | 230.97 | OK | |
r-devel-linux-x86_64-debian-gcc | 0.2.7 | 9.22 | 164.92 | 174.14 | OK | |
r-devel-linux-x86_64-fedora-clang | 0.2.7 | 306.36 | OK | |||
r-devel-linux-x86_64-fedora-gcc | 0.2.7 | 304.58 | OK | |||
r-devel-windows-x86_64 | 0.2.7 | 11.00 | 186.00 | 197.00 | OK | |
r-patched-linux-x86_64 | 0.2.7 | 9.58 | 217.22 | 226.80 | OK | |
r-release-linux-x86_64 | 0.2.7 | 8.38 | 209.62 | 218.00 | OK | |
r-release-macos-arm64 | 0.2.7 | 101.00 | OK | |||
r-release-macos-x86_64 | 0.2.7 | 97.00 | NOTE | |||
r-release-windows-x86_64 | 0.2.7 | 14.00 | 231.00 | 245.00 | OK | |
r-oldrel-macos-arm64 | 0.2.7 | 96.00 | OK | |||
r-oldrel-windows-x86_64 | 0.2.7 | 15.00 | 231.00 | 246.00 | OK |
Version: 0.2.7
Check: package dependencies
Result: NOTE
Packages suggested but not available for checking: 'glmmTMB', 'DHARMa'
Flavor: r-release-macos-x86_64