Last updated on 2024-04-24 07:57:50 CEST.
Flavor | Version | Tinstall | Tcheck | Ttotal | Status | Flags |
---|---|---|---|---|---|---|
r-devel-linux-x86_64-debian-clang | 1.4-1 | 18.72 | 168.85 | 187.57 | OK | |
r-devel-linux-x86_64-debian-gcc | 1.4-1 | 15.83 | 118.93 | 134.76 | OK | |
r-devel-linux-x86_64-fedora-clang | 1.4-1 | 222.40 | NOTE | |||
r-devel-linux-x86_64-fedora-gcc | 1.4-1 | 215.62 | OK | |||
r-prerel-macos-arm64 | 1.4-1 | 57.00 | NOTE | |||
r-prerel-windows-x86_64 | 1.4-1 | 23.00 | 145.00 | 168.00 | OK | |
r-patched-linux-x86_64 | 1.4-1 | 26.87 | 155.55 | 182.42 | OK | |
r-release-linux-x86_64 | 1.4-1 | 20.58 | 157.97 | 178.55 | OK | |
r-release-macos-arm64 | 1.4-1 | 66.00 | NOTE | |||
r-release-macos-x86_64 | 1.4-1 | 121.00 | NOTE | |||
r-release-windows-x86_64 | 1.4-1 | 25.00 | 180.00 | 205.00 | OK | |
r-oldrel-macos-arm64 | 1.4-1 | 58.00 | NOTE | |||
r-oldrel-windows-x86_64 | 1.4-1 | 26.00 | 184.00 | 210.00 | OK |
Version: 1.4-1
Check: installed package size
Result: NOTE
installed size is 5.0Mb
sub-directories of 1Mb or more:
data 3.7Mb
Flavors: r-devel-linux-x86_64-fedora-clang, r-prerel-macos-arm64, r-release-macos-arm64, r-release-macos-x86_64, r-oldrel-macos-arm64