Last updated on 2023-09-24 08:58:26 CEST.
Flavor | Version | Tinstall | Tcheck | Ttotal | Status | Flags |
---|---|---|---|---|---|---|
r-devel-linux-x86_64-debian-clang | 1.4-1 | 19.44 | 165.64 | 185.08 | OK | |
r-devel-linux-x86_64-debian-gcc | 1.4-1 | 14.52 | 124.33 | 138.85 | OK | |
r-devel-linux-x86_64-fedora-clang | 1.4-1 | 225.81 | NOTE | |||
r-devel-linux-x86_64-fedora-gcc | 1.4-1 | 233.48 | OK | |||
r-devel-windows-x86_64 | 1.4-1 | 20.00 | 151.00 | 171.00 | OK | |
r-patched-linux-x86_64 | 1.4-1 | 21.49 | 160.65 | 182.14 | OK | |
r-release-linux-x86_64 | 1.4-1 | 18.02 | 161.15 | 179.17 | OK | |
r-release-macos-arm64 | 1.4-1 | 66.00 | NOTE | |||
r-release-macos-x86_64 | 1.4-1 | 121.00 | NOTE | |||
r-release-windows-x86_64 | 1.4-1 | 26.00 | 176.00 | 202.00 | OK | |
r-oldrel-macos-arm64 | 1.4-1 | 58.00 | NOTE | |||
r-oldrel-macos-x86_64 | 1.4-1 | 82.00 | OK | |||
r-oldrel-windows-x86_64 | 1.4-1 | 27.00 | 194.00 | 221.00 | OK |
Version: 1.4-1
Check: installed package size
Result: NOTE
installed size is 5.0Mb
sub-directories of 1Mb or more:
data 3.7Mb
Flavors: r-devel-linux-x86_64-fedora-clang, r-release-macos-arm64, r-release-macos-x86_64, r-oldrel-macos-arm64