Last updated on 2023-09-29 08:54:08 CEST.
Flavor | Version | Tinstall | Tcheck | Ttotal | Status | Flags |
---|---|---|---|---|---|---|
r-devel-linux-x86_64-debian-clang | 0.9.7 | 11.14 | 117.26 | 128.40 | OK | |
r-devel-linux-x86_64-debian-gcc | 0.9.7 | 7.39 | 88.99 | 96.38 | OK | |
r-devel-linux-x86_64-fedora-clang | 0.9.7 | 156.99 | NOTE | |||
r-devel-linux-x86_64-fedora-gcc | 0.9.7 | 166.06 | NOTE | |||
r-devel-windows-x86_64 | 0.9.7 | 9.00 | 115.00 | 124.00 | OK | |
r-patched-linux-x86_64 | 0.9.7 | 13.14 | 112.52 | 125.66 | OK | |
r-release-linux-x86_64 | 0.9.7 | 9.78 | 113.75 | 123.53 | OK | |
r-release-macos-arm64 | 0.9.7 | 59.00 | OK | |||
r-release-macos-x86_64 | 0.9.7 | 95.00 | OK | |||
r-release-windows-x86_64 | 0.9.7 | 12.00 | 140.00 | 152.00 | OK | |
r-oldrel-macos-arm64 | 0.9.7 | 45.00 | NOTE | |||
r-oldrel-macos-x86_64 | 0.9.7 | 70.00 | NOTE | |||
r-oldrel-windows-x86_64 | 0.9.7 | 12.00 | 138.00 | 150.00 | OK |
Version: 0.9.7
Check: data for non-ASCII characters
Result: NOTE
Note: found 76102 marked UTF-8 strings
Flavors: r-devel-linux-x86_64-fedora-clang, r-devel-linux-x86_64-fedora-gcc, r-oldrel-macos-arm64, r-oldrel-macos-x86_64