Last updated on 2023-09-28 19:59:50 CEST.
Flavor | Version | Tinstall | Tcheck | Ttotal | Status | Flags |
---|---|---|---|---|---|---|
r-devel-linux-x86_64-debian-clang | 2.4.6 | 40.12 | 292.20 | 332.32 | OK | |
r-devel-linux-x86_64-debian-gcc | 2.4.6 | 31.83 | 214.90 | 246.73 | OK | |
r-devel-linux-x86_64-fedora-clang | 2.4.6 | 411.78 | NOTE | |||
r-devel-linux-x86_64-fedora-gcc | 2.4.6 | 402.78 | OK | |||
r-devel-windows-x86_64 | 2.4.6 | 41.00 | 275.00 | 316.00 | OK | |
r-patched-linux-x86_64 | 2.4.6 | 45.96 | 275.05 | 321.01 | OK | |
r-release-linux-x86_64 | 2.4.6 | 35.33 | 283.35 | 318.68 | OK | |
r-release-macos-arm64 | 2.4.6 | 96.00 | OK | |||
r-release-macos-x86_64 | 2.4.6 | 224.00 | OK | |||
r-release-windows-x86_64 | 2.4.6 | 54.00 | 344.00 | 398.00 | OK | |
r-oldrel-macos-arm64 | 2.4.6 | 92.00 | OK | |||
r-oldrel-macos-x86_64 | 2.4.6 | 125.00 | OK | |||
r-oldrel-windows-x86_64 | 2.4.6 | 56.00 | 272.00 | 328.00 | OK |
Version: 2.4.6
Check: Rd cross-references
Result: NOTE
Undeclared package ‘gplots’ in Rd xrefs
Flavor: r-devel-linux-x86_64-fedora-clang