Last updated on 2024-04-17 19:58:48 CEST.
Flavor | Version | Tinstall | Tcheck | Ttotal | Status | Flags |
---|---|---|---|---|---|---|
r-devel-linux-x86_64-debian-clang | 2.1 | 15.15 | 168.43 | 183.58 | NOTE | |
r-devel-linux-x86_64-debian-gcc | 2.1 | 14.39 | 123.37 | 137.76 | NOTE | |
r-devel-linux-x86_64-fedora-clang | 2.1 | 226.74 | NOTE | |||
r-devel-linux-x86_64-fedora-gcc | 2.1 | 220.34 | NOTE | |||
r-prerel-macos-arm64 | 2.1 | 63.00 | NOTE | |||
r-prerel-windows-x86_64 | 2.1 | 16.00 | 130.00 | 146.00 | NOTE | |
r-patched-linux-x86_64 | 2.1 | 18.34 | 159.60 | 177.94 | NOTE | |
r-release-linux-x86_64 | 2.1 | 15.16 | 162.52 | 177.68 | OK | |
r-release-macos-arm64 | 2.1 | 67.00 | OK | |||
r-release-macos-x86_64 | 2.1 | 134.00 | OK | |||
r-release-windows-x86_64 | 2.1 | 20.00 | 170.00 | 190.00 | OK | |
r-oldrel-macos-arm64 | 2.1 | 67.00 | OK | |||
r-oldrel-windows-x86_64 | 2.1 | 21.00 | 166.00 | 187.00 | OK |
Version: 2.1
Check: Rd files
Result: NOTE
checkRd: (-1) srswrRe.Rd:10: Lost braces
10 | \item{listRanef}{{\emph{ranef(model)}} object where {\emph{model}} is an { \emph{lmer}} object.}
| ^
Flavors: r-devel-linux-x86_64-debian-clang, r-devel-linux-x86_64-debian-gcc, r-devel-linux-x86_64-fedora-clang, r-devel-linux-x86_64-fedora-gcc, r-prerel-macos-arm64, r-prerel-windows-x86_64, r-patched-linux-x86_64