Last updated on 2023-06-08 08:55:30 CEST.
Flavor | Version | Tinstall | Tcheck | Ttotal | Status | Flags |
---|---|---|---|---|---|---|
r-devel-linux-x86_64-debian-clang | 0.1.2 | 336.27 | 113.19 | 449.46 | OK | |
r-devel-linux-x86_64-debian-gcc | 0.1.2 | 320.47 | 102.87 | 423.34 | OK | |
r-devel-linux-x86_64-fedora-clang | 0.1.2 | 565.67 | NOTE | |||
r-devel-linux-x86_64-fedora-gcc | 0.1.2 | 770.67 | NOTE | |||
r-devel-windows-x86_64 | 0.1.2 | 264.00 | 134.00 | 398.00 | OK | |
r-patched-linux-x86_64 | 0.1.2 | 275.75 | 129.91 | 405.66 | OK | |
r-release-linux-x86_64 | 0.1.2 | 246.00 | 133.43 | 379.43 | OK | |
r-release-macos-arm64 | 0.1.2 | 173.00 | NOTE | |||
r-release-macos-x86_64 | 0.1.2 | 277.00 | NOTE | |||
r-release-windows-x86_64 | 0.1.2 | 355.00 | 173.00 | 528.00 | OK | |
r-oldrel-macos-arm64 | 0.1.2 | 166.00 | NOTE | |||
r-oldrel-macos-x86_64 | 0.1.2 | 208.00 | NOTE | |||
r-oldrel-windows-x86_64 | 0.1.2 | 330.00 | 169.00 | 499.00 | OK |
Version: 0.1.2
Check: data for non-ASCII characters
Result: NOTE
Note: found 35 marked UTF-8 strings
Flavors: r-devel-linux-x86_64-fedora-clang, r-devel-linux-x86_64-fedora-gcc
Version: 0.1.2
Check: for GNU extensions in Makefiles
Result: NOTE
GNU make is a SystemRequirements.
Flavors: r-devel-linux-x86_64-fedora-clang, r-devel-linux-x86_64-fedora-gcc, r-release-macos-arm64, r-release-macos-x86_64, r-oldrel-macos-arm64, r-oldrel-macos-x86_64
Version: 0.1.2
Check: installed package size
Result: NOTE
installed size is 51.3Mb
sub-directories of 1Mb or more:
libs 50.8Mb
Flavors: r-release-macos-arm64, r-release-macos-x86_64, r-oldrel-macos-arm64, r-oldrel-macos-x86_64