Last updated on 2023-06-06 08:02:09 CEST.
Flavor | Version | Tinstall | Tcheck | Ttotal | Status | Flags |
---|---|---|---|---|---|---|
r-devel-linux-x86_64-debian-clang | 1.2.7 | 11.83 | 323.57 | 335.40 | OK | |
r-devel-linux-x86_64-debian-gcc | 1.2.7 | 9.75 | 240.95 | 250.70 | OK | |
r-devel-linux-x86_64-fedora-clang | 1.2.7 | 432.55 | NOTE | |||
r-devel-linux-x86_64-fedora-gcc | 1.2.7 | 451.03 | NOTE | |||
r-devel-windows-x86_64 | 1.2.7 | 17.00 | 250.00 | 267.00 | OK | |
r-patched-linux-x86_64 | 1.2.7 | 17.86 | 306.26 | 324.12 | OK | |
r-release-linux-x86_64 | 1.2.7 | 12.22 | 307.54 | 319.76 | OK | |
r-release-macos-arm64 | 1.2.7 | 122.00 | OK | |||
r-release-macos-x86_64 | 1.2.7 | 221.00 | OK | |||
r-release-windows-x86_64 | 1.2.7 | 21.00 | 329.00 | 350.00 | OK | |
r-oldrel-macos-arm64 | 1.2.7 | 122.00 | NOTE | |||
r-oldrel-macos-x86_64 | 1.2.7 | 207.00 | NOTE | |||
r-oldrel-windows-x86_64 | 1.2.7 | 21.00 | 328.00 | 349.00 | OK |
Version: 1.2.7
Check: dependencies in R code
Result: NOTE
Namespaces in Imports field not imported from:
‘Hmisc’ ‘sjPlot’
All declared Imports should be used.
Flavors: r-devel-linux-x86_64-fedora-clang, r-devel-linux-x86_64-fedora-gcc, r-oldrel-macos-arm64, r-oldrel-macos-x86_64