Last updated on 2024-04-23 07:51:15 CEST.
Flavor | Version | Tinstall | Tcheck | Ttotal | Status | Flags |
---|---|---|---|---|---|---|
r-devel-linux-x86_64-debian-clang | 0.2.6 | 0.57 | 2.01 | 2.58 | ERROR | |
r-devel-linux-x86_64-debian-gcc | 0.2.6 | 20.16 | 158.28 | 178.44 | NOTE | |
r-devel-linux-x86_64-fedora-clang | 0.2.6 | 315.04 | NOTE | |||
r-devel-linux-x86_64-fedora-gcc | 0.2.6 | 294.00 | NOTE | |||
r-prerel-macos-arm64 | 0.2.6 | 134.00 | NOTE | |||
r-prerel-macos-x86_64 | 0.2.6 | 200.00 | OK | |||
r-prerel-windows-x86_64 | 0.2.6 | 22.00 | 205.00 | 227.00 | NOTE | |
r-patched-linux-x86_64 | 0.2.6 | 20.67 | 208.51 | 229.18 | NOTE | |
r-release-linux-x86_64 | 0.2.6 | 20.78 | 206.95 | 227.73 | OK | |
r-release-macos-arm64 | 0.2.6 | 127.00 | OK | |||
r-release-macos-x86_64 | 0.2.6 | 194.00 | OK | |||
r-release-windows-x86_64 | 0.2.6 | 29.00 | 249.00 | 278.00 | OK | |
r-oldrel-macos-arm64 | 0.2.6 | 188.00 | OK | |||
r-oldrel-windows-x86_64 | 0.2.6 | 28.00 | 246.00 | 274.00 | OK |
Version: 0.2.6
Check: package dependencies
Result: ERROR
Packages required but not available: 'Biostrings', 'muscle'
Package suggested but not available for checking: ‘KEGGREST’
See section ‘The DESCRIPTION file’ in the ‘Writing R Extensions’
manual.
Flavor: r-devel-linux-x86_64-debian-clang
Version: 0.2.6
Check: Rd files
Result: NOTE
checkRd: (-1) imutant.Rd:27: Lost braces in \itemize; \value handles \item{}{} directly
checkRd: (-1) imutant.Rd:28: Lost braces in \itemize; \value handles \item{}{} directly
checkRd: (-1) imutant.Rd:29: Lost braces in \itemize; \value handles \item{}{} directly
checkRd: (-1) imutant.Rd:30: Lost braces in \itemize; \value handles \item{}{} directly
checkRd: (-1) imutant.Rd:31: Lost braces in \itemize; \value handles \item{}{} directly
checkRd: (-1) imutant.Rd:32: Lost braces in \itemize; \value handles \item{}{} directly
checkRd: (-1) imutant.Rd:33: Lost braces in \itemize; \value handles \item{}{} directly
checkRd: (-1) ptm.plot.Rd:34: Lost braces in \itemize; meant \describe ?
checkRd: (-1) ptm.plot.Rd:35: Lost braces in \itemize; meant \describe ?
checkRd: (-1) ptm.plot.Rd:36: Lost braces in \itemize; meant \describe ?
checkRd: (-1) ptm.plot.Rd:37: Lost braces in \itemize; meant \describe ?
checkRd: (-1) ptm.plot.Rd:38: Lost braces in \itemize; meant \describe ?
checkRd: (-1) ptm.plot.Rd:39: Lost braces in \itemize; meant \describe ?
checkRd: (-1) ptm.plot.Rd:40: Lost braces in \itemize; meant \describe ?
checkRd: (-1) ptm.plot.Rd:41: Lost braces in \itemize; meant \describe ?
checkRd: (-1) ptm.plot.Rd:42: Lost braces in \itemize; meant \describe ?
checkRd: (-1) ptm.plot.Rd:43: Lost braces in \itemize; meant \describe ?
checkRd: (-1) ptm.plot.Rd:44: Lost braces in \itemize; meant \describe ?
checkRd: (-1) ptm.plot.Rd:45: Lost braces in \itemize; meant \describe ?
checkRd: (-1) ptm.plot.Rd:46: Lost braces in \itemize; meant \describe ?
checkRd: (-1) ptm.plot.Rd:47: Lost braces in \itemize; meant \describe ?
Flavors: r-devel-linux-x86_64-debian-gcc, r-devel-linux-x86_64-fedora-clang, r-devel-linux-x86_64-fedora-gcc, r-prerel-macos-arm64, r-prerel-windows-x86_64, r-patched-linux-x86_64