Last updated on 2023-09-22 19:54:40 CEST.
Flavor | Version | Tinstall | Tcheck | Ttotal | Status | Flags |
---|---|---|---|---|---|---|
r-devel-linux-x86_64-debian-clang | 0.2.6 | 24.41 | 223.01 | 247.42 | OK | |
r-devel-linux-x86_64-debian-gcc | 0.2.6 | 18.83 | 159.35 | 178.18 | OK | |
r-devel-linux-x86_64-fedora-clang | 0.2.6 | 289.92 | OK | |||
r-devel-linux-x86_64-fedora-gcc | 0.2.6 | 284.29 | OK | |||
r-devel-windows-x86_64 | 0.2.6 | 22.00 | 221.00 | 243.00 | OK | |
r-patched-linux-x86_64 | 0.2.6 | 25.12 | 206.12 | 231.24 | OK | |
r-release-linux-x86_64 | 0.2.6 | 24.25 | 204.44 | 228.69 | OK | |
r-release-macos-arm64 | 0.2.6 | 127.00 | OK | |||
r-release-macos-x86_64 | 0.2.6 | 194.00 | OK | |||
r-release-windows-x86_64 | 0.2.6 | 30.00 | 253.00 | 283.00 | OK | |
r-oldrel-macos-arm64 | 0.2.6 | 188.00 | OK | |||
r-oldrel-macos-x86_64 | 0.2.6 | 11.00 | ERROR | |||
r-oldrel-windows-x86_64 | 0.2.6 | 30.00 | 250.00 | 280.00 | OK |
Version: 0.2.6
Check: package dependencies
Result: ERROR
Package required but not available: ‘muscle’
See section ‘The DESCRIPTION file’ in the ‘Writing R Extensions’
manual.
Flavor: r-oldrel-macos-x86_64