Last updated on 2024-03-29 07:54:53 CET.
Flavor | Version | Tinstall | Tcheck | Ttotal | Status | Flags |
---|---|---|---|---|---|---|
r-devel-linux-x86_64-debian-clang | 2.8 | 9.23 | 27.35 | 36.58 | OK | |
r-devel-linux-x86_64-debian-gcc | 2.8 | 7.65 | 21.66 | 29.31 | OK | |
r-devel-linux-x86_64-fedora-clang | 2.8 | 52.29 | NOTE | |||
r-devel-linux-x86_64-fedora-gcc | 2.8 | 49.00 | NOTE | |||
r-devel-windows-x86_64 | 2.8 | 11.00 | 49.00 | 60.00 | OK | |
r-patched-linux-x86_64 | 2.8 | 9.02 | 27.02 | 36.04 | OK | |
r-release-linux-x86_64 | 2.8 | 8.81 | 27.49 | 36.30 | OK | |
r-release-macos-arm64 | 2.8 | 23.00 | OK | |||
r-release-macos-x86_64 | 2.8 | 33.00 | OK | |||
r-release-windows-x86_64 | 2.8 | 10.00 | 68.00 | 78.00 | OK | |
r-oldrel-macos-arm64 | 2.8 | 27.00 | OK | |||
r-oldrel-windows-x86_64 | 2.8 | 13.00 | 67.00 | 80.00 | OK |
Version: 2.8
Check: compiled code
Result: NOTE
File ‘ptinpoly/libs/ptinpoly.so’:
Found no calls to: ‘R_registerRoutines’, ‘R_useDynamicSymbols’
It is good practice to register native routines and to disable symbol
search.
See ‘Writing portable packages’ in the ‘Writing R Extensions’ manual.
Flavors: r-devel-linux-x86_64-fedora-clang, r-devel-linux-x86_64-fedora-gcc