Last updated on 2023-06-07 20:04:49 CEST.
Flavor | Version | Tinstall | Tcheck | Ttotal | Status | Flags |
---|---|---|---|---|---|---|
r-devel-linux-x86_64-debian-clang | 2021.1.0 | 308.95 | 456.77 | 765.72 | NOTE | |
r-devel-linux-x86_64-debian-gcc | 2021.1.0 | 241.36 | 299.70 | 541.06 | NOTE | |
r-devel-linux-x86_64-fedora-clang | 2021.1.0 | 1085.47 | NOTE | |||
r-devel-linux-x86_64-fedora-gcc | 2021.1.0 | 1050.87 | NOTE | |||
r-devel-windows-x86_64 | 2021.1.0 | 234.00 | 470.00 | 704.00 | NOTE | |
r-patched-linux-x86_64 | 2021.1.0 | 265.49 | 404.76 | 670.25 | NOTE | |
r-release-linux-x86_64 | 2021.1.0 | 267.90 | 392.93 | 660.83 | NOTE | |
r-release-macos-arm64 | 2021.1.0 | 251.00 | NOTE | |||
r-release-macos-x86_64 | 2021.1.0 | 439.00 | NOTE | |||
r-release-windows-x86_64 | 2021.1.0 | 300.00 | 505.00 | 805.00 | NOTE | |
r-oldrel-macos-arm64 | 2021.1.0 | 217.00 | NOTE | |||
r-oldrel-macos-x86_64 | 2021.1.0 | 275.00 | NOTE | |||
r-oldrel-windows-x86_64 | 2021.1.0 | 295.00 | 504.00 | 799.00 | OK |
Version: 2021.1.0
Check: C++ specification
Result: NOTE
Specified C++11: please drop specification unless essential
Flavors: r-devel-linux-x86_64-debian-clang, r-devel-linux-x86_64-debian-gcc, r-devel-linux-x86_64-fedora-clang, r-devel-linux-x86_64-fedora-gcc, r-devel-windows-x86_64, r-patched-linux-x86_64, r-release-linux-x86_64, r-release-macos-arm64, r-release-macos-x86_64, r-release-windows-x86_64
Version: 2021.1.0
Check: installed package size
Result: NOTE
installed size is 7.7Mb
sub-directories of 1Mb or more:
libs 6.8Mb
Flavors: r-release-macos-arm64, r-release-macos-x86_64, r-oldrel-macos-arm64, r-oldrel-macos-x86_64