Last updated on 2024-03-29 07:54:53 CET.
Flavor | Version | Tinstall | Tcheck | Ttotal | Status | Flags |
---|---|---|---|---|---|---|
r-devel-linux-x86_64-debian-clang | 1.0.2 | 8.13 | 91.11 | 99.24 | NOTE | |
r-devel-linux-x86_64-debian-gcc | 1.0.2 | 7.20 | 67.45 | 74.65 | NOTE | |
r-devel-linux-x86_64-fedora-clang | 1.0.2 | 124.89 | NOTE | |||
r-devel-linux-x86_64-fedora-gcc | 1.0.2 | 124.21 | NOTE | |||
r-devel-windows-x86_64 | 1.0.2 | 10.00 | 79.00 | 89.00 | NOTE | |
r-patched-linux-x86_64 | 1.0.2 | 9.43 | 87.69 | 97.12 | NOTE | |
r-release-linux-x86_64 | 1.0.2 | 10.71 | 88.96 | 99.67 | NOTE | |
r-release-macos-arm64 | 1.0.2 | 41.00 | NOTE | |||
r-release-macos-x86_64 | 1.0.2 | 66.00 | NOTE | |||
r-release-windows-x86_64 | 1.0.2 | 12.00 | 96.00 | 108.00 | NOTE | |
r-oldrel-macos-arm64 | 1.0.2 | 33.00 | NOTE | |||
r-oldrel-windows-x86_64 | 1.0.2 | 12.00 | 100.00 | 112.00 | NOTE |
Version: 1.0.2
Check: LazyData
Result: NOTE
'LazyData' is specified without a 'data' directory
Flavors: r-devel-linux-x86_64-debian-clang, r-devel-linux-x86_64-debian-gcc, r-devel-linux-x86_64-fedora-clang, r-devel-linux-x86_64-fedora-gcc, r-devel-windows-x86_64, r-patched-linux-x86_64, r-release-linux-x86_64, r-release-macos-arm64, r-release-macos-x86_64, r-release-windows-x86_64, r-oldrel-macos-arm64, r-oldrel-windows-x86_64