CRAN Package Check Results for Package provSummarizeR

Last updated on 2024-03-03 18:50:02 CET.

Flavor Version Tinstall Tcheck Ttotal Status Flags
r-devel-linux-x86_64-debian-clang 1.5.1 1.77 27.78 29.55 NOTE
r-devel-linux-x86_64-debian-gcc 1.5.1 2.10 21.06 23.16 NOTE
r-devel-linux-x86_64-fedora-clang 1.5.1 38.59 NOTE
r-devel-linux-x86_64-fedora-gcc 1.5.1 49.05 NOTE
r-devel-windows-x86_64 1.5.1 3.00 43.00 46.00 NOTE
r-patched-linux-x86_64 1.5.1 2.60 26.29 28.89 NOTE
r-release-linux-x86_64 1.5.1 2.56 25.67 28.23 NOTE
r-release-macos-arm64 1.5.1 23.00 NOTE
r-release-macos-x86_64 1.5.1 33.00 NOTE
r-release-windows-x86_64 1.5.1 4.00 42.00 46.00 NOTE
r-oldrel-macos-arm64 1.5.1 22.00 NOTE
r-oldrel-windows-x86_64 1.5.1 4.00 48.00 52.00 NOTE

Check Details

Version: 1.5.1
Check: package dependencies
Result: NOTE Package suggested but not available for checking: ‘rdt’ Flavors: r-devel-linux-x86_64-debian-clang, r-devel-linux-x86_64-debian-gcc, r-devel-linux-x86_64-fedora-clang, r-devel-linux-x86_64-fedora-gcc, r-devel-windows-x86_64, r-patched-linux-x86_64, r-release-linux-x86_64, r-release-macos-arm64, r-release-macos-x86_64, r-release-windows-x86_64, r-oldrel-macos-arm64, r-oldrel-windows-x86_64