Last updated on 2024-03-29 07:54:53 CET.
Flavor | Version | Tinstall | Tcheck | Ttotal | Status | Flags |
---|---|---|---|---|---|---|
r-devel-linux-x86_64-debian-clang | 1.2 | 94.16 | 105.65 | 199.81 | NOTE | |
r-devel-linux-x86_64-debian-gcc | 1.2 | 72.99 | 77.03 | 150.02 | NOTE | |
r-devel-linux-x86_64-fedora-clang | 1.2 | 263.65 | NOTE | |||
r-devel-linux-x86_64-fedora-gcc | 1.2 | 257.26 | NOTE | |||
r-devel-windows-x86_64 | 1.2 | 69.00 | 105.00 | 174.00 | NOTE | |
r-patched-linux-x86_64 | 1.2 | 86.03 | 97.98 | 184.01 | NOTE | |
r-release-linux-x86_64 | 1.2 | 93.76 | 101.37 | 195.13 | OK | |
r-release-macos-arm64 | 1.2 | 73.00 | OK | |||
r-release-macos-x86_64 | 1.2 | 113.00 | OK | |||
r-release-windows-x86_64 | 1.2 | 84.00 | 132.00 | 216.00 | OK | |
r-oldrel-macos-arm64 | 1.2 | 59.00 | OK | |||
r-oldrel-windows-x86_64 | 1.2 | 82.00 | 128.00 | 210.00 | OK |
Version: 1.2
Check: Rd files
Result: NOTE
checkRd: (-1) prototest.univariate.Rd:21: Lost braces
21 | response variable. Vector of length emph{n}, assumed to be quantitative.
| ^
Flavors: r-devel-linux-x86_64-debian-clang, r-devel-linux-x86_64-debian-gcc, r-devel-linux-x86_64-fedora-clang, r-devel-linux-x86_64-fedora-gcc, r-devel-windows-x86_64, r-patched-linux-x86_64
Version: 1.2
Check: compiled code
Result: NOTE
File ‘prototest/libs/prototest.so’:
Found no calls to: ‘R_registerRoutines’, ‘R_useDynamicSymbols’
It is good practice to register native routines and to disable symbol
search.
See ‘Writing portable packages’ in the ‘Writing R Extensions’ manual.
Flavors: r-devel-linux-x86_64-fedora-clang, r-devel-linux-x86_64-fedora-gcc