Last updated on 2024-03-29 07:54:53 CET.
Flavor | Version | Tinstall | Tcheck | Ttotal | Status | Flags |
---|---|---|---|---|---|---|
r-devel-linux-x86_64-debian-clang | 0.7.9 | 63.74 | 107.29 | 171.03 | OK | |
r-devel-linux-x86_64-debian-gcc | 0.7.9 | 47.46 | 82.72 | 130.18 | OK | |
r-devel-linux-x86_64-fedora-clang | 0.7.9 | 224.73 | NOTE | |||
r-devel-linux-x86_64-fedora-gcc | 0.7.9 | 234.04 | OK | |||
r-devel-windows-x86_64 | 0.7.9 | 45.00 | 196.00 | 241.00 | OK | |
r-patched-linux-x86_64 | 0.7.9 | 65.05 | 104.25 | 169.30 | OK | |
r-release-linux-x86_64 | 0.7.9 | 56.22 | 105.39 | 161.61 | OK | |
r-release-macos-arm64 | 0.7.9 | 95.00 | NOTE | |||
r-release-macos-x86_64 | 0.7.9 | 189.00 | NOTE | |||
r-release-windows-x86_64 | 0.7.9 | 51.00 | 200.00 | 251.00 | OK | |
r-oldrel-macos-arm64 | 0.7.9 | 76.00 | NOTE | |||
r-oldrel-windows-x86_64 | 0.7.9 | 58.00 | 196.00 | 254.00 | OK |
Version: 0.7.9
Check: Rd cross-references
Result: NOTE
Undeclared package ‘XML’ in Rd xrefs
Flavor: r-devel-linux-x86_64-fedora-clang
Version: 0.7.9
Check: installed package size
Result: NOTE
installed size is 6.6Mb
sub-directories of 1Mb or more:
data 2.3Mb
libs 3.2Mb
Flavors: r-release-macos-arm64, r-release-macos-x86_64, r-oldrel-macos-arm64