Last updated on 2024-04-25 08:00:02 CEST.
Flavor | Version | Tinstall | Tcheck | Ttotal | Status | Flags |
---|---|---|---|---|---|---|
r-devel-linux-x86_64-debian-clang | 0.2.1 | 27.53 | 271.02 | 298.55 | NOTE | |
r-devel-linux-x86_64-debian-gcc | 0.2.1 | 20.85 | 199.47 | 220.32 | NOTE | |
r-devel-linux-x86_64-fedora-clang | 0.2.1 | 364.01 | NOTE | |||
r-devel-linux-x86_64-fedora-gcc | 0.2.1 | 363.76 | NOTE | |||
r-devel-windows-x86_64 | 0.2.1 | 22.00 | 202.00 | 224.00 | NOTE | |
r-patched-linux-x86_64 | 0.2.1 | 17.97 | 253.28 | 271.25 | NOTE | |
r-release-linux-x86_64 | 0.2.1 | 25.56 | 252.64 | 278.20 | OK | |
r-release-macos-arm64 | 0.2.1 | 112.00 | NOTE | |||
r-release-macos-x86_64 | 0.2.1 | 191.00 | OK | |||
r-release-windows-x86_64 | 0.2.1 | 22.00 | 199.00 | 221.00 | NOTE | |
r-oldrel-macos-arm64 | 0.2.1 | 99.00 | OK | |||
r-oldrel-macos-x86_64 | 0.2.1 | 168.00 | OK | |||
r-oldrel-windows-x86_64 | 0.2.1 | 29.00 | 252.00 | 281.00 | OK |
Version: 0.2.1
Check: Rd files
Result: NOTE
checkRd: (-1) impute_plot.Rd:32: Lost braces; missing escapes or markup?
32 | \item{global}{Logical. If \code{TRUE} ({default}), a global density plot is
| ^
Flavors: r-devel-linux-x86_64-debian-clang, r-devel-linux-x86_64-debian-gcc, r-devel-linux-x86_64-fedora-clang, r-devel-linux-x86_64-fedora-gcc, r-devel-windows-x86_64, r-patched-linux-x86_64, r-release-macos-arm64, r-release-windows-x86_64