Last updated on 2024-04-26 08:55:09 CEST.
Flavor | Version | Tinstall | Tcheck | Ttotal | Status | Flags |
---|---|---|---|---|---|---|
r-devel-linux-x86_64-debian-clang | 0.1.0 | 4.32 | 50.55 | 54.87 | NOTE | |
r-devel-linux-x86_64-debian-gcc | 0.1.0 | 4.34 | 37.42 | 41.76 | NOTE | |
r-devel-linux-x86_64-fedora-clang | 0.1.0 | 69.49 | NOTE | |||
r-devel-linux-x86_64-fedora-gcc | 0.1.0 | 65.37 | NOTE | |||
r-devel-windows-x86_64 | 0.1.0 | 6.00 | 56.00 | 62.00 | NOTE | |
r-patched-linux-x86_64 | 0.1.0 | 3.66 | 47.77 | 51.43 | NOTE | |
r-release-linux-x86_64 | 0.1.0 | 3.17 | 48.05 | 51.22 | NOTE | |
r-release-macos-arm64 | 0.1.0 | 23.00 | NOTE | |||
r-release-windows-x86_64 | 0.1.0 | 6.00 | 55.00 | 61.00 | NOTE | |
r-oldrel-macos-arm64 | 0.1.0 | 28.00 | NOTE | |||
r-oldrel-macos-x86_64 | 0.1.0 | 35.00 | NOTE | |||
r-oldrel-windows-x86_64 | 0.1.0 | 8.00 | 60.00 | 68.00 | NOTE |
Version: 0.1.0
Check: LazyData
Result: NOTE
'LazyData' is specified without a 'data' directory
Flavors: r-devel-linux-x86_64-debian-clang, r-devel-linux-x86_64-debian-gcc, r-devel-linux-x86_64-fedora-clang, r-devel-linux-x86_64-fedora-gcc, r-devel-windows-x86_64, r-patched-linux-x86_64, r-release-linux-x86_64, r-release-macos-arm64, r-release-windows-x86_64, r-oldrel-macos-arm64, r-oldrel-macos-x86_64, r-oldrel-windows-x86_64