Last updated on 2023-06-05 08:53:36 CEST.
Flavor | Version | Tinstall | Tcheck | Ttotal | Status | Flags |
---|---|---|---|---|---|---|
r-devel-linux-x86_64-debian-clang | 0.6.1 | 3.73 | 34.75 | 38.48 | NOTE | |
r-devel-linux-x86_64-debian-gcc | 0.6.1 | 2.55 | 27.10 | 29.65 | NOTE | |
r-devel-linux-x86_64-fedora-clang | 0.6.1 | 48.83 | NOTE | |||
r-devel-linux-x86_64-fedora-gcc | 0.6.1 | 46.49 | NOTE | |||
r-devel-windows-x86_64 | 0.6.1 | 4.00 | 49.00 | 53.00 | NOTE | |
r-patched-linux-x86_64 | 0.6.1 | 3.29 | 33.84 | 37.13 | NOTE | |
r-release-linux-x86_64 | 0.6.1 | 3.06 | 34.40 | 37.46 | NOTE | |
r-release-macos-arm64 | 0.6.1 | 21.00 | NOTE | |||
r-release-macos-x86_64 | 0.6.1 | 26.00 | NOTE | |||
r-release-windows-x86_64 | 0.6.1 | 5.00 | 50.00 | 55.00 | NOTE | |
r-oldrel-macos-arm64 | 0.6.1 | 21.00 | OK | |||
r-oldrel-macos-x86_64 | 0.6.1 | 26.00 | OK | |||
r-oldrel-windows-x86_64 | 0.6.1 | 5.00 | 52.00 | 57.00 | OK |
Version: 0.6.1
Check: Rd files
Result: NOTE
checkRd: (-1) plot.profileModel.Rd:69: Escaped LaTeX specials: \&
checkRd: (-1) profileModel.Rd:277: Escaped LaTeX specials: \&
Flavors: r-devel-linux-x86_64-debian-clang, r-devel-linux-x86_64-debian-gcc, r-devel-linux-x86_64-fedora-clang, r-devel-linux-x86_64-fedora-gcc, r-devel-windows-x86_64, r-patched-linux-x86_64, r-release-linux-x86_64, r-release-macos-arm64, r-release-macos-x86_64, r-release-windows-x86_64