Last updated on 2024-04-18 20:55:57 CEST.
Flavor | Version | Tinstall | Tcheck | Ttotal | Status | Flags |
---|---|---|---|---|---|---|
r-devel-linux-x86_64-debian-clang | 0.5.0 | 279.44 | 116.88 | 396.32 | NOTE | |
r-devel-linux-x86_64-debian-gcc | 0.5.0 | 221.59 | 87.01 | 308.60 | NOTE | |
r-devel-linux-x86_64-fedora-clang | 0.5.0 | 582.93 | NOTE | |||
r-devel-linux-x86_64-fedora-gcc | 0.5.0 | 597.42 | NOTE | |||
r-prerel-macos-arm64 | 0.5.0 | 114.00 | NOTE | |||
r-prerel-windows-x86_64 | 0.5.0 | 262.00 | 123.00 | 385.00 | NOTE | |
r-patched-linux-x86_64 | 0.5.0 | 282.55 | 112.91 | 395.46 | NOTE | |
r-release-linux-x86_64 | 0.5.0 | 206.53 | 111.95 | 318.48 | NOTE | |
r-release-macos-arm64 | 0.5.0 | 123.00 | NOTE | |||
r-release-macos-x86_64 | 0.5.0 | 170.00 | NOTE | |||
r-release-windows-x86_64 | 0.5.0 | 321.00 | 149.00 | 470.00 | NOTE | |
r-oldrel-macos-arm64 | 0.5.0 | 105.00 | NOTE | |||
r-oldrel-windows-x86_64 | 0.5.0 | 298.00 | 137.00 | 435.00 | NOTE |
Version: 0.5.0
Check: package dependencies
Result: NOTE
Packages suggested but not available for checking: 'gurobi', 'rcbc'
Flavors: r-devel-linux-x86_64-debian-clang, r-devel-linux-x86_64-debian-gcc, r-patched-linux-x86_64, r-release-linux-x86_64
Version: 0.5.0
Check: package dependencies
Result: NOTE
Packages suggested but not available for checking:
'gurobi', 'Rcplex', 'rcbc'
Flavors: r-devel-linux-x86_64-fedora-clang, r-devel-linux-x86_64-fedora-gcc, r-prerel-macos-arm64, r-prerel-windows-x86_64, r-release-macos-arm64, r-release-macos-x86_64, r-release-windows-x86_64, r-oldrel-macos-arm64, r-oldrel-windows-x86_64
Version: 0.5.0
Check: installed package size
Result: NOTE
installed size is 5.3Mb
sub-directories of 1Mb or more:
doc 3.6Mb
Flavors: r-devel-linux-x86_64-fedora-clang, r-prerel-macos-arm64, r-prerel-windows-x86_64, r-release-macos-arm64, r-release-macos-x86_64, r-release-windows-x86_64, r-oldrel-macos-arm64, r-oldrel-windows-x86_64