Last updated on 2024-03-28 19:48:41 CET.
Flavor | Version | Tinstall | Tcheck | Ttotal | Status | Flags |
---|---|---|---|---|---|---|
r-devel-linux-x86_64-debian-clang | 0.0.3 | 24.90 | 81.26 | 106.16 | NOTE | |
r-devel-linux-x86_64-debian-gcc | 0.0.3 | 18.14 | 62.50 | 80.64 | NOTE | |
r-devel-linux-x86_64-fedora-clang | 0.0.3 | 143.12 | NOTE | |||
r-devel-linux-x86_64-fedora-gcc | 0.0.3 | 146.75 | NOTE | |||
r-devel-windows-x86_64 | 0.0.3 | 23.00 | 96.00 | 119.00 | NOTE | |
r-patched-linux-x86_64 | 0.0.3 | 22.16 | 79.21 | 101.37 | NOTE | |
r-release-linux-x86_64 | 0.0.3 | 23.81 | 76.54 | 100.35 | OK | |
r-release-macos-arm64 | 0.0.3 | 51.00 | OK | |||
r-release-macos-x86_64 | 0.0.3 | 76.00 | OK | |||
r-release-windows-x86_64 | 0.0.3 | 28.00 | 114.00 | 142.00 | OK | |
r-oldrel-macos-arm64 | 0.0.3 | 50.00 | OK | |||
r-oldrel-windows-x86_64 | 0.0.3 | 27.00 | 116.00 | 143.00 | OK |
Version: 0.0.3
Check: Rd files
Result: NOTE
checkRd: (-1) dev_data.Rd:10: Lost braces in \itemize; meant \describe ?
checkRd: (-1) dev_data.Rd:11: Lost braces in \itemize; meant \describe ?
checkRd: (-1) dev_data.Rd:12: Lost braces in \itemize; meant \describe ?
checkRd: (-1) dev_data.Rd:13: Lost braces in \itemize; meant \describe ?
checkRd: (-1) dev_data.Rd:14: Lost braces in \itemize; meant \describe ?
checkRd: (-1) gusto.Rd:10: Lost braces in \itemize; meant \describe ?
checkRd: (-1) gusto.Rd:11: Lost braces in \itemize; meant \describe ?
checkRd: (-1) gusto.Rd:12: Lost braces in \itemize; meant \describe ?
checkRd: (-1) gusto.Rd:13: Lost braces in \itemize; meant \describe ?
checkRd: (-1) gusto.Rd:14: Lost braces in \itemize; meant \describe ?
checkRd: (-1) val_data.Rd:10: Lost braces in \itemize; meant \describe ?
checkRd: (-1) val_data.Rd:11: Lost braces in \itemize; meant \describe ?
checkRd: (-1) val_data.Rd:12: Lost braces in \itemize; meant \describe ?
checkRd: (-1) val_data.Rd:13: Lost braces in \itemize; meant \describe ?
checkRd: (-1) val_data.Rd:14: Lost braces in \itemize; meant \describe ?
Flavors: r-devel-linux-x86_64-debian-clang, r-devel-linux-x86_64-debian-gcc, r-devel-linux-x86_64-fedora-clang, r-devel-linux-x86_64-fedora-gcc, r-devel-windows-x86_64, r-patched-linux-x86_64