Last updated on 2024-04-19 07:56:51 CEST.
Flavor | Version | Tinstall | Tcheck | Ttotal | Status | Flags |
---|---|---|---|---|---|---|
r-devel-linux-x86_64-debian-clang | 0.2.1 | 4.83 | 62.59 | 67.42 | OK | |
r-devel-linux-x86_64-debian-gcc | 0.2.1 | OK | ||||
r-devel-linux-x86_64-fedora-clang | 0.2.1 | 88.02 | NOTE | |||
r-devel-linux-x86_64-fedora-gcc | 0.2.1 | 94.84 | NOTE | |||
r-prerel-macos-arm64 | 0.2.1 | 34.00 | OK | |||
r-prerel-windows-x86_64 | 0.2.1 | 8.00 | 66.00 | 74.00 | OK | |
r-patched-linux-x86_64 | 0.2.1 | 4.29 | 59.42 | 63.71 | OK | |
r-release-linux-x86_64 | 0.2.1 | 3.90 | 60.24 | 64.14 | OK | |
r-release-macos-arm64 | 0.2.1 | 35.00 | OK | |||
r-release-macos-x86_64 | 0.2.1 | 47.00 | OK | |||
r-release-windows-x86_64 | 0.2.1 | 8.00 | 70.00 | 78.00 | OK | |
r-oldrel-macos-arm64 | 0.2.1 | 29.00 | NOTE | |||
r-oldrel-windows-x86_64 | 0.2.1 | 8.00 | 76.00 | 84.00 | OK |
Version: 0.2.1
Check: dependencies in R code
Result: NOTE
Namespaces in Imports field not imported from:
‘class’ ‘forcats’ ‘irr’ ‘lpSolve’ ‘purrr’
All declared Imports should be used.
Flavors: r-devel-linux-x86_64-fedora-clang, r-devel-linux-x86_64-fedora-gcc, r-oldrel-macos-arm64