CRAN Package Check Results for Package pqrfe

Last updated on 2023-05-30 09:00:43 CEST.

Flavor Version Tinstall Tcheck Ttotal Status Flags
r-devel-linux-x86_64-debian-clang 1.1 37.81 36.96 74.77 NOTE
r-devel-linux-x86_64-debian-gcc 1.1 28.02 29.07 57.09 NOTE
r-devel-linux-x86_64-fedora-clang 1.1 101.69 NOTE
r-devel-linux-x86_64-fedora-gcc 1.1 97.38 NOTE
r-devel-windows-x86_64 1.1 29.00 72.00 101.00 NOTE
r-patched-linux-x86_64 1.1 31.74 35.95 67.69 NOTE
r-release-linux-x86_64 1.1 33.89 36.13 70.02 NOTE
r-release-macos-arm64 1.1 28.00 NOTE
r-release-macos-x86_64 1.1 45.00 NOTE
r-release-windows-x86_64 1.1 37.00 81.00 118.00 NOTE
r-oldrel-macos-arm64 1.1 28.00 OK
r-oldrel-macos-x86_64 1.1 38.00 OK
r-oldrel-windows-x86_64 1.1 35.00 74.00 109.00 OK

Check Details

Version: 1.1
Check: C++ specification
Result: NOTE
     Specified C++11: please drop specification unless essential
Flavors: r-devel-linux-x86_64-debian-clang, r-devel-linux-x86_64-debian-gcc, r-devel-linux-x86_64-fedora-clang, r-devel-linux-x86_64-fedora-gcc, r-devel-windows-x86_64, r-patched-linux-x86_64, r-release-linux-x86_64, r-release-macos-arm64, r-release-macos-x86_64, r-release-windows-x86_64