Last updated on 2023-06-10 08:53:23 CEST.
Flavor | Version | Tinstall | Tcheck | Ttotal | Status | Flags |
---|---|---|---|---|---|---|
r-devel-linux-x86_64-debian-clang | 1.2 | 61.22 | 64.24 | 125.46 | NOTE | |
r-devel-linux-x86_64-debian-gcc | 1.2 | 44.19 | 48.44 | 92.63 | NOTE | |
r-devel-linux-x86_64-fedora-clang | 1.2 | 172.96 | NOTE | |||
r-devel-linux-x86_64-fedora-gcc | 1.2 | 302.44 | NOTE | |||
r-devel-windows-x86_64 | 1.2 | 48.00 | 93.00 | 141.00 | NOTE | |
r-patched-linux-x86_64 | 1.2 | 54.80 | 59.45 | 114.25 | NOTE | |
r-release-linux-x86_64 | 1.2 | 40.32 | 59.65 | 99.97 | NOTE | |
r-release-macos-arm64 | 1.2 | 90.00 | NOTE | |||
r-release-macos-x86_64 | 1.2 | 130.00 | NOTE | |||
r-release-windows-x86_64 | 1.2 | 62.00 | 103.00 | 165.00 | NOTE | |
r-oldrel-macos-arm64 | 1.2 | 77.00 | NOTE | |||
r-oldrel-macos-x86_64 | 1.2 | 123.00 | NOTE | |||
r-oldrel-windows-x86_64 | 1.2 | 59.00 | 101.00 | 160.00 | NOTE |
Version: 1.2
Check: LazyData
Result: NOTE
'LazyData' is specified without a 'data' directory
Flavors: r-devel-linux-x86_64-debian-clang, r-devel-linux-x86_64-debian-gcc, r-devel-linux-x86_64-fedora-clang, r-devel-linux-x86_64-fedora-gcc, r-devel-windows-x86_64, r-patched-linux-x86_64, r-release-linux-x86_64, r-release-macos-arm64, r-release-macos-x86_64, r-release-windows-x86_64, r-oldrel-macos-arm64, r-oldrel-macos-x86_64, r-oldrel-windows-x86_64