CRAN Package Check Results for Package ppgmmga

Last updated on 2024-06-13 20:49:21 CEST.

Flavor Version Tinstall Tcheck Ttotal Status Flags
r-devel-linux-x86_64-debian-clang 1.3 43.75 108.59 152.34 OK
r-devel-linux-x86_64-debian-gcc 1.3 0.47 1.82 2.29 ERROR
r-devel-linux-x86_64-fedora-clang 1.3 209.61 OK
r-devel-linux-x86_64-fedora-gcc 1.3 209.21 OK
r-devel-windows-x86_64 1.3 38.00 104.00 142.00 OK
r-patched-linux-x86_64 1.3 44.54 99.18 143.72 OK
r-release-linux-x86_64 1.3 40.43 97.23 137.66 OK
r-release-macos-arm64 1.3 57.00 OK
r-release-macos-x86_64 1.3 81.00 NOTE
r-release-windows-x86_64 1.3 39.00 106.00 145.00 OK
r-oldrel-macos-arm64 1.3 61.00 OK
r-oldrel-macos-x86_64 1.3 182.00 NOTE
r-oldrel-windows-x86_64 1.3 46.00 125.00 171.00 OK

Check Details

Version: 1.3
Check: package dependencies
Result: ERROR Package required but not available: ‘ggplot2’ See section ‘The DESCRIPTION file’ in the ‘Writing R Extensions’ manual. Flavor: r-devel-linux-x86_64-debian-gcc

Version: 1.3
Check: installed package size
Result: NOTE installed size is 5.0Mb sub-directories of 1Mb or more: libs 3.3Mb Flavors: r-release-macos-x86_64, r-oldrel-macos-x86_64