Last updated on 2023-04-01 08:55:49 CEST.
Flavor | Version | Tinstall | Tcheck | Ttotal | Status | Flags |
---|---|---|---|---|---|---|
r-devel-linux-x86_64-debian-clang | 1.1.0 | 10.22 | 198.97 | 209.19 | NOTE | |
r-devel-linux-x86_64-debian-gcc | 1.1.0 | 8.37 | 137.27 | 145.64 | NOTE | |
r-devel-linux-x86_64-fedora-clang | 1.1.0 | 258.75 | NOTE | |||
r-devel-linux-x86_64-fedora-gcc | 1.1.0 | 259.98 | NOTE | |||
r-devel-windows-x86_64 | 1.1.0 | 27.00 | 0.00 | 27.00 | OK | |
r-patched-linux-x86_64 | 1.1.0 | 9.33 | 183.93 | 193.26 | NOTE | |
r-release-linux-x86_64 | 1.1.0 | 10.07 | 186.78 | 196.85 | NOTE | |
r-release-macos-arm64 | 1.1.0 | 62.00 | OK | |||
r-release-macos-x86_64 | 1.1.0 | 84.00 | OK | |||
r-release-windows-x86_64 | 1.1.0 | 33.00 | 218.00 | 251.00 | OK | |
r-oldrel-macos-arm64 | 1.1.0 | 87.00 | OK | |||
r-oldrel-macos-x86_64 | 1.1.0 | 100.00 | OK | |||
r-oldrel-windows-ix86+x86_64 | 1.1.0 | 19.00 | 223.00 | 242.00 | OK |
Version: 1.1.0
Check: Rd cross-references
Result: NOTE
Unknown package ‘advclust’ in Rd xrefs
Flavors: r-devel-linux-x86_64-debian-clang, r-devel-linux-x86_64-debian-gcc, r-devel-linux-x86_64-fedora-gcc, r-patched-linux-x86_64, r-release-linux-x86_64
Version: 1.1.0
Check: Rd cross-references
Result: NOTE
Undeclared package ‘advclust’ in Rd xrefs
Unknown package ‘advclust’ in Rd xrefs
Flavor: r-devel-linux-x86_64-fedora-clang