Last updated on 2024-03-28 07:52:59 CET.
Flavor | Version | Tinstall | Tcheck | Ttotal | Status | Flags |
---|---|---|---|---|---|---|
r-devel-linux-x86_64-debian-clang | 1.0.5 | 2.69 | 29.37 | 32.06 | NOTE | |
r-devel-linux-x86_64-debian-gcc | 1.0.5 | 2.05 | 22.69 | 24.74 | NOTE | |
r-devel-linux-x86_64-fedora-clang | 1.0.5 | 39.63 | NOTE | |||
r-devel-linux-x86_64-fedora-gcc | 1.0.5 | 38.89 | NOTE | |||
r-devel-windows-x86_64 | 1.0.5 | 4.00 | 49.00 | 53.00 | NOTE | |
r-patched-linux-x86_64 | 1.0.5 | 2.28 | 28.93 | 31.21 | NOTE | |
r-release-linux-x86_64 | 1.0.5 | 1.57 | 28.83 | 30.40 | NOTE | |
r-release-macos-arm64 | 1.0.5 | 19.00 | NOTE | |||
r-release-macos-x86_64 | 1.0.5 | 23.00 | NOTE | |||
r-release-windows-x86_64 | 1.0.5 | 4.00 | 50.00 | 54.00 | NOTE | |
r-oldrel-macos-arm64 | 1.0.5 | 17.00 | NOTE | |||
r-oldrel-windows-x86_64 | 1.0.5 | 4.00 | 54.00 | 58.00 | NOTE |
Version: 1.0.5
Check: LazyData
Result: NOTE
'LazyData' is specified without a 'data' directory
Flavors: r-devel-linux-x86_64-debian-clang, r-devel-linux-x86_64-debian-gcc, r-devel-linux-x86_64-fedora-clang, r-devel-linux-x86_64-fedora-gcc, r-devel-windows-x86_64, r-patched-linux-x86_64, r-release-linux-x86_64, r-release-macos-arm64, r-release-macos-x86_64, r-release-windows-x86_64, r-oldrel-macos-arm64, r-oldrel-windows-x86_64