CRAN Package Check Results for Package postlightmercury

Last updated on 2023-11-28 07:53:12 CET.

Flavor Version Tinstall Tcheck Ttotal Status Flags
r-devel-linux-x86_64-debian-clang 1.2 1.91 22.63 24.54 NOTE
r-devel-linux-x86_64-debian-gcc 1.2 1.55 17.65 19.20 NOTE
r-devel-linux-x86_64-fedora-clang 1.2 30.91 NOTE
r-devel-linux-x86_64-fedora-gcc 1.2 28.92 NOTE
r-devel-windows-x86_64 1.2 3.00 41.00 44.00 NOTE
r-patched-linux-x86_64 1.2 1.68 22.36 24.04 NOTE
r-release-linux-x86_64 1.2 1.41 22.33 23.74 NOTE
r-release-macos-arm64 1.2 19.00 NOTE
r-release-macos-x86_64 1.2 20.00 NOTE
r-release-windows-x86_64 1.2 4.00 40.00 44.00 NOTE
r-oldrel-macos-arm64 1.2 16.00 NOTE
r-oldrel-macos-x86_64 1.2 20.00 NOTE
r-oldrel-windows-x86_64 1.2 5.00 43.00 48.00 NOTE

Check Details

Version: 1.2
Check: LazyData
Result: NOTE 'LazyData' is specified without a 'data' directory Flavors: r-devel-linux-x86_64-debian-clang, r-devel-linux-x86_64-debian-gcc, r-devel-linux-x86_64-fedora-clang, r-devel-linux-x86_64-fedora-gcc, r-devel-windows-x86_64, r-patched-linux-x86_64, r-release-linux-x86_64, r-release-macos-arm64, r-release-macos-x86_64, r-release-windows-x86_64, r-oldrel-macos-arm64, r-oldrel-macos-x86_64, r-oldrel-windows-x86_64