Last updated on 2024-03-28 19:48:40 CET.
Flavor | Version | Tinstall | Tcheck | Ttotal | Status | Flags |
---|---|---|---|---|---|---|
r-devel-linux-x86_64-debian-clang | 0.1.3 | 10.23 | 120.89 | 131.12 | OK | |
r-devel-linux-x86_64-debian-gcc | 0.1.3 | 8.07 | 88.28 | 96.35 | OK | |
r-devel-linux-x86_64-fedora-clang | 0.1.3 | 155.42 | OK | |||
r-devel-linux-x86_64-fedora-gcc | 0.1.3 | 167.44 | OK | |||
r-devel-windows-x86_64 | 0.1.3 | 9.00 | 104.00 | 113.00 | OK | |
r-patched-linux-x86_64 | 0.1.3 | 8.69 | 116.45 | 125.14 | OK | |
r-release-linux-x86_64 | 0.1.3 | 8.43 | 113.16 | 121.59 | OK | |
r-release-macos-arm64 | 0.1.3 | 53.00 | OK | |||
r-release-macos-x86_64 | 0.1.3 | 82.00 | NOTE | |||
r-release-windows-x86_64 | 0.1.3 | 12.00 | 130.00 | 142.00 | OK | |
r-oldrel-macos-arm64 | 0.1.3 | 43.00 | OK | |||
r-oldrel-windows-x86_64 | 0.1.3 | 12.00 | 133.00 | 145.00 | OK |
Version: 0.1.3
Check: package dependencies
Result: NOTE
Package suggested but not available for checking: ‘lme4’
Flavor: r-release-macos-x86_64