CRAN Package Check Results for Package postHoc

Last updated on 2023-09-28 19:59:49 CEST.

Flavor Version Tinstall Tcheck Ttotal Status Flags
r-devel-linux-x86_64-debian-clang 0.1.3 10.77 120.38 131.15 OK
r-devel-linux-x86_64-debian-gcc 0.1.3 8.89 89.72 98.61 OK
r-devel-linux-x86_64-fedora-clang 0.1.3 160.63 OK
r-devel-linux-x86_64-fedora-gcc 0.1.3 177.83 OK
r-devel-windows-x86_64 0.1.3 11.00 111.00 122.00 OK
r-patched-linux-x86_64 0.1.3 10.79 115.50 126.29 OK
r-release-linux-x86_64 0.1.3 10.54 118.62 129.16 OK
r-release-macos-arm64 0.1.3 53.00 OK
r-release-macos-x86_64 0.1.3 82.00 NOTE
r-release-windows-x86_64 0.1.3 13.00 135.00 148.00 OK
r-oldrel-macos-arm64 0.1.3 43.00 OK
r-oldrel-macos-x86_64 0.1.3 62.00 OK
r-oldrel-windows-x86_64 0.1.3 13.00 134.00 147.00 OK

Check Details

Version: 0.1.3
Check: package dependencies
Result: NOTE
    Package suggested but not available for checking: ‘lme4’
Flavor: r-release-macos-x86_64