Last updated on 2023-10-04 20:42:36 CEST.
Flavor | Version | Tinstall | Tcheck | Ttotal | Status | Flags |
---|---|---|---|---|---|---|
r-devel-linux-x86_64-debian-clang | 0.8.8 | 27.33 | 354.58 | 381.91 | OK | |
r-devel-linux-x86_64-debian-gcc | 0.8.8 | 24.19 | 232.84 | 257.03 | OK | |
r-devel-linux-x86_64-fedora-clang | 0.8.8 | 429.91 | OK | |||
r-devel-linux-x86_64-fedora-gcc | 0.8.8 | 420.56 | OK | |||
r-devel-windows-x86_64 | 0.8.8 | 26.00 | 231.00 | 257.00 | OK | |
r-patched-linux-x86_64 | 0.8.8 | 20.07 | 290.01 | 310.08 | OK | |
r-release-linux-x86_64 | 0.8.8 | 19.64 | 291.22 | 310.86 | OK | |
r-release-macos-arm64 | 0.8.8 | 122.00 | NOTE | |||
r-release-macos-x86_64 | 0.8.8 | 200.00 | NOTE | |||
r-release-windows-x86_64 | 0.8.8 | 33.00 | 287.00 | 320.00 | OK | |
r-oldrel-macos-arm64 | 0.8.8 | 110.00 | NOTE | |||
r-oldrel-macos-x86_64 | 0.8.8 | 134.00 | OK | |||
r-oldrel-windows-x86_64 | 0.8.8 | 34.00 | 284.00 | 318.00 | OK |
Version: 0.8.8
Check: installed package size
Result: NOTE
installed size is 5.1Mb
sub-directories of 1Mb or more:
R 2.0Mb
extdata 1.8Mb
Flavors: r-release-macos-arm64, r-release-macos-x86_64, r-oldrel-macos-arm64