Last updated on 2024-03-29 07:54:52 CET.
Flavor | Version | Tinstall | Tcheck | Ttotal | Status | Flags |
---|---|---|---|---|---|---|
r-devel-linux-x86_64-debian-clang | 1.3 | 12.54 | 258.13 | 270.67 | NOTE | |
r-devel-linux-x86_64-debian-gcc | 1.3 | 11.76 | 237.51 | 249.27 | NOTE | |
r-devel-linux-x86_64-fedora-clang | 1.3 | 410.54 | NOTE | |||
r-devel-linux-x86_64-fedora-gcc | 1.3 | 352.68 | NOTE | |||
r-devel-windows-x86_64 | 1.3 | 14.00 | 201.00 | 215.00 | NOTE | |
r-patched-linux-x86_64 | 1.3 | 21.73 | 293.56 | 315.29 | NOTE | |
r-release-linux-x86_64 | 1.3 | 10.14 | 293.08 | 303.22 | OK | |
r-release-macos-arm64 | 1.3 | 80.00 | OK | |||
r-release-macos-x86_64 | 1.3 | 206.00 | OK | |||
r-release-windows-x86_64 | 1.3 | 18.00 | 254.00 | 272.00 | OK | |
r-oldrel-macos-arm64 | 1.3 | 88.00 | OK | |||
r-oldrel-windows-x86_64 | 1.3 | 19.00 | 254.00 | 273.00 | OK |
Version: 1.3
Check: Rd files
Result: NOTE
checkRd: (-1) nuisance_functions.Rd:18-19: Lost braces in \itemize; meant \describe ?
checkRd: (-1) policy.Rd:27: Lost braces in \itemize; meant \describe ?
checkRd: (-1) policy_data.Rd:124-125: Lost braces in \itemize; meant \describe ?
checkRd: (-1) policy_data.Rd:126: Lost braces in \itemize; meant \describe ?
checkRd: (-1) policy_data.Rd:127-128: Lost braces in \itemize; meant \describe ?
checkRd: (-1) policy_data.Rd:129: Lost braces in \itemize; meant \describe ?
checkRd: (-1) policy_data.Rd:130: Lost braces in \itemize; meant \describe ?
checkRd: (-1) policy_data.Rd:131: Lost braces in \itemize; meant \describe ?
checkRd: (-1) policy_data.Rd:132: Lost braces in \itemize; meant \describe ?
checkRd: (-1) policy_eval.Rd:193: Lost braces in \itemize; meant \describe ?
checkRd: (-1) policy_eval.Rd:194: Lost braces in \itemize; meant \describe ?
checkRd: (-1) policy_eval.Rd:195: Lost braces in \itemize; meant \describe ?
checkRd: (-1) policy_eval.Rd:196-197: Lost braces in \itemize; meant \describe ?
checkRd: (-1) policy_eval.Rd:198: Lost braces in \itemize; meant \describe ?
checkRd: (-1) policy_eval.Rd:199: Lost braces in \itemize; meant \describe ?
checkRd: (-1) policy_learn.Rd:129: Lost braces in \itemize; meant \describe ?
checkRd: (-1) policy_learn.Rd:130: Lost braces in \itemize; meant \describe ?
checkRd: (-1) policy_learn.Rd:131: Lost braces in \itemize; meant \describe ?
checkRd: (-1) policy_learn.Rd:132-133: Lost braces in \itemize; meant \describe ?
checkRd: (-1) policy_learn.Rd:134: Lost braces in \itemize; meant \describe ?
Flavors: r-devel-linux-x86_64-debian-clang, r-devel-linux-x86_64-debian-gcc, r-devel-linux-x86_64-fedora-clang, r-devel-linux-x86_64-fedora-gcc, r-devel-windows-x86_64, r-patched-linux-x86_64
Version: 1.3
Check: Rd cross-references
Result: NOTE
Undeclared package ‘modelObj’ in Rd xrefs
Flavor: r-devel-linux-x86_64-fedora-clang