Last updated on 2023-10-03 08:04:59 CEST.
Flavor | Version | Tinstall | Tcheck | Ttotal | Status | Flags |
---|---|---|---|---|---|---|
r-devel-linux-x86_64-debian-clang | 0.9.2 | 11.98 | 140.47 | 152.45 | OK | |
r-devel-linux-x86_64-debian-gcc | 0.9.2 | 9.11 | 104.07 | 113.18 | OK | |
r-devel-linux-x86_64-fedora-clang | 0.9.2 | 185.45 | NOTE | |||
r-devel-linux-x86_64-fedora-gcc | 0.9.2 | 192.39 | NOTE | |||
r-devel-windows-x86_64 | 0.9.2 | 15.00 | 121.00 | 136.00 | OK | |
r-patched-linux-x86_64 | 0.9.2 | 15.96 | 135.94 | 151.90 | OK | |
r-release-linux-x86_64 | 0.9.2 | 9.83 | 134.85 | 144.68 | OK | |
r-release-macos-arm64 | 0.9.2 | 96.00 | OK | |||
r-release-macos-x86_64 | 0.9.2 | 244.00 | OK | |||
r-release-windows-x86_64 | 0.9.2 | 15.00 | 143.00 | 158.00 | OK | |
r-oldrel-macos-arm64 | 0.9.2 | 63.00 | OK | |||
r-oldrel-macos-x86_64 | 0.9.2 | 88.00 | OK | |||
r-oldrel-windows-x86_64 | 0.9.2 | 15.00 | 143.00 | 158.00 | OK |
Version: 0.9.2
Check: data for non-ASCII characters
Result: NOTE
Note: found 52 marked UTF-8 strings
Flavors: r-devel-linux-x86_64-fedora-clang, r-devel-linux-x86_64-fedora-gcc