Last updated on 2024-04-24 07:57:49 CEST.
Flavor | Version | Tinstall | Tcheck | Ttotal | Status | Flags |
---|---|---|---|---|---|---|
r-devel-linux-x86_64-debian-clang | 0.9.3 | 11.71 | 142.44 | 154.15 | OK | |
r-devel-linux-x86_64-debian-gcc | 0.9.3 | 8.83 | 103.31 | 112.14 | OK | |
r-devel-linux-x86_64-fedora-clang | 0.9.3 | 191.89 | NOTE | |||
r-devel-linux-x86_64-fedora-gcc | 0.9.3 | 191.87 | NOTE | |||
r-prerel-macos-arm64 | 0.9.3 | 54.00 | OK | |||
r-prerel-windows-x86_64 | 0.9.3 | 12.00 | 119.00 | 131.00 | OK | |
r-patched-linux-x86_64 | 0.9.3 | 15.08 | 132.91 | 147.99 | OK | |
r-release-linux-x86_64 | 0.9.3 | 11.87 | 137.36 | 149.23 | OK | |
r-release-macos-arm64 | 0.9.3 | 60.00 | OK | |||
r-release-macos-x86_64 | 0.9.3 | 142.00 | OK | |||
r-release-windows-x86_64 | 0.9.3 | 16.00 | 143.00 | 159.00 | OK | |
r-oldrel-macos-arm64 | 0.9.3 | 59.00 | OK | |||
r-oldrel-windows-x86_64 | 0.9.3 | 16.00 | 137.00 | 153.00 | OK |
Version: 0.9.3
Check: data for non-ASCII characters
Result: NOTE
Note: found 52 marked UTF-8 strings
Flavors: r-devel-linux-x86_64-fedora-clang, r-devel-linux-x86_64-fedora-gcc