Last updated on 2023-06-10 08:53:23 CEST.
Flavor | Version | Tinstall | Tcheck | Ttotal | Status | Flags |
---|---|---|---|---|---|---|
r-devel-linux-x86_64-debian-clang | 0.9.10 | 11.49 | 80.85 | 92.34 | OK | |
r-devel-linux-x86_64-debian-gcc | 0.9.10 | 8.72 | 61.52 | 70.24 | OK | |
r-devel-linux-x86_64-fedora-clang | 0.9.10 | 113.59 | OK | |||
r-devel-linux-x86_64-fedora-gcc | 0.9.10 | 107.30 | OK | |||
r-devel-windows-x86_64 | 0.9.10 | 10.00 | 79.00 | 89.00 | OK | |
r-patched-linux-x86_64 | 0.9.10 | 12.01 | 78.64 | 90.65 | OK | |
r-release-linux-x86_64 | 0.9.10 | 12.12 | 80.33 | 92.45 | OK | |
r-release-macos-arm64 | 0.9.10 | 34.00 | NOTE | |||
r-release-macos-x86_64 | 0.9.10 | 51.00 | NOTE | |||
r-release-windows-x86_64 | 0.9.10 | 14.00 | 92.00 | 106.00 | OK | |
r-oldrel-macos-arm64 | 0.9.10 | 32.00 | NOTE | |||
r-oldrel-macos-x86_64 | 0.9.10 | 44.00 | NOTE | |||
r-oldrel-windows-x86_64 | 0.9.10 | 13.00 | 90.00 | 103.00 | OK |
Version: 0.9.10
Check: package dependencies
Result: NOTE
Package suggested but not available for checking: ‘Rmpi’
Flavors: r-release-macos-arm64, r-release-macos-x86_64, r-oldrel-macos-arm64, r-oldrel-macos-x86_64