CRAN Package Check Results for Package plotdap

Last updated on 2025-01-23 07:50:24 CET.

Flavor Version Tinstall Tcheck Ttotal Status Flags
r-devel-linux-x86_64-debian-clang 1.0.3 35.94 306.01 341.95 NOTE
r-devel-linux-x86_64-debian-gcc 1.0.3 19.75 203.33 223.08 NOTE
r-devel-linux-x86_64-fedora-clang 1.0.3 561.09 OK
r-devel-linux-x86_64-fedora-gcc 1.0.3 502.71 OK
r-devel-windows-x86_64 1.0.3 31.00 210.00 241.00 NOTE --no-vignettes
r-patched-linux-x86_64 1.0.3 36.20 273.97 310.17 OK
r-release-linux-x86_64 1.0.3 30.73 276.86 307.59 OK
r-release-macos-arm64 1.0.3 124.00 OK
r-release-macos-x86_64 1.0.3 211.00 OK
r-release-windows-x86_64 1.0.3 31.00 230.00 261.00 OK --no-vignettes
r-oldrel-macos-arm64 1.0.3 127.00 OK
r-oldrel-macos-x86_64 1.0.3 265.00 OK
r-oldrel-windows-x86_64 1.0.3 40.00 303.00 343.00 OK --no-vignettes

Check Details

Version: 1.0.3
Check: Rd cross-references
Result: NOTE Found the following Rd file(s) with Rd \link{} targets missing package anchors: add_griddap.Rd: griddap add_tabledap.Rd: tabledap Please provide package anchors for all Rd \link{} targets not in the package itself and the base packages. Flavors: r-devel-linux-x86_64-debian-clang, r-devel-linux-x86_64-debian-gcc

Version: 1.0.3
Flags: --no-vignettes
Check: Rd cross-references
Result: NOTE Found the following Rd file(s) with Rd \link{} targets missing package anchors: add_griddap.Rd: griddap add_tabledap.Rd: tabledap Please provide package anchors for all Rd \link{} targets not in the package itself and the base packages. Flavor: r-devel-windows-x86_64