Last updated on 2024-03-28 19:48:40 CET.
Flavor | Version | Tinstall | Tcheck | Ttotal | Status | Flags |
---|---|---|---|---|---|---|
r-devel-linux-x86_64-debian-clang | 2.0.7 | 12.60 | 167.06 | 179.66 | NOTE | |
r-devel-linux-x86_64-debian-gcc | 2.0.7 | 9.24 | 126.34 | 135.58 | NOTE | |
r-devel-linux-x86_64-fedora-clang | 2.0.7 | 235.29 | NOTE | |||
r-devel-linux-x86_64-fedora-gcc | 2.0.7 | 229.32 | NOTE | |||
r-devel-windows-x86_64 | 2.0.7 | 11.00 | 179.00 | 190.00 | NOTE | |
r-patched-linux-x86_64 | 2.0.7 | 12.94 | 164.59 | 177.53 | NOTE | |
r-release-linux-x86_64 | 2.0.7 | 9.68 | 158.74 | 168.42 | OK | |
r-release-macos-arm64 | 2.0.7 | 132.00 | OK | |||
r-release-macos-x86_64 | 2.0.7 | 142.00 | OK | |||
r-release-windows-x86_64 | 2.0.7 | 14.00 | 201.00 | 215.00 | OK | |
r-oldrel-macos-arm64 | 2.0.7 | 120.00 | OK | |||
r-oldrel-windows-x86_64 | 2.0.7 | 16.00 | 190.00 | 206.00 | OK |
Version: 2.0.7
Check: Rd files
Result: NOTE
checkRd: (-1) build_reference.Rd:157: Lost braces; missing escapes or markup?
157 | a top-level \code{icons} directory. This should contain {.png} files that are
| ^
Flavors: r-devel-linux-x86_64-debian-clang, r-devel-linux-x86_64-debian-gcc, r-devel-linux-x86_64-fedora-clang, r-devel-linux-x86_64-fedora-gcc, r-devel-windows-x86_64, r-patched-linux-x86_64
Version: 2.0.7
Check: Rd cross-references
Result: NOTE
Undeclared package ‘usethis’ in Rd xrefs
Flavor: r-devel-linux-x86_64-fedora-clang