Last updated on 2023-09-22 19:54:39 CEST.
Flavor | Version | Tinstall | Tcheck | Ttotal | Status | Flags |
---|---|---|---|---|---|---|
r-devel-linux-x86_64-debian-clang | 1.8.2 | 13.70 | 122.91 | 136.61 | NOTE | |
r-devel-linux-x86_64-debian-gcc | 1.8.2 | 11.52 | 92.02 | 103.54 | NOTE | |
r-devel-linux-x86_64-fedora-clang | 1.8.2 | 175.62 | NOTE | |||
r-devel-linux-x86_64-fedora-gcc | 1.8.2 | 160.36 | NOTE | |||
r-devel-windows-x86_64 | 1.8.2 | 12.00 | 99.00 | 111.00 | NOTE | |
r-patched-linux-x86_64 | 1.8.2 | 14.80 | 113.74 | 128.54 | NOTE | |
r-release-linux-x86_64 | 1.8.2 | 13.27 | 115.74 | 129.01 | NOTE | |
r-release-macos-arm64 | 1.8.2 | 47.00 | NOTE | |||
r-release-macos-x86_64 | 1.8.2 | 81.00 | NOTE | |||
r-release-windows-x86_64 | 1.8.2 | 17.00 | 123.00 | 140.00 | NOTE | |
r-oldrel-macos-arm64 | 1.8.2 | 45.00 | NOTE | |||
r-oldrel-macos-x86_64 | 1.8.2 | 86.00 | NOTE | |||
r-oldrel-windows-x86_64 | 1.8.2 | 18.00 | 120.00 | 138.00 | NOTE |
Version: 1.8.2
Check: package dependencies
Result: NOTE
Package suggested but not available for checking: ‘ggsubplot’
Flavors: r-devel-linux-x86_64-debian-clang, r-devel-linux-x86_64-debian-gcc, r-devel-linux-x86_64-fedora-clang, r-devel-linux-x86_64-fedora-gcc, r-devel-windows-x86_64, r-patched-linux-x86_64, r-release-linux-x86_64, r-release-macos-arm64, r-release-macos-x86_64, r-release-windows-x86_64, r-oldrel-macos-arm64, r-oldrel-macos-x86_64, r-oldrel-windows-x86_64