Last updated on 2023-12-07 06:51:51 CET.
Flavor | Version | Tinstall | Tcheck | Ttotal | Status | Flags |
---|---|---|---|---|---|---|
r-devel-linux-x86_64-debian-clang | 2.0.2 | 3.44 | 23.05 | 26.49 | WARN | |
r-devel-linux-x86_64-debian-gcc | 2.0.2 | 2.53 | 18.40 | 20.93 | WARN | |
r-devel-linux-x86_64-fedora-clang | 2.0.2 | 34.53 | WARN | |||
r-devel-linux-x86_64-fedora-gcc | 2.0.2 | 33.43 | WARN | |||
r-devel-windows-x86_64 | 2.0.2 | 10.00 | 44.00 | 54.00 | WARN | |
r-patched-linux-x86_64 | 2.0.2 | 3.37 | 23.21 | 26.58 | OK | |
r-release-linux-x86_64 | 2.0.2 | 3.54 | 22.86 | 26.40 | OK | |
r-release-macos-arm64 | 2.0.2 | 20.00 | OK | |||
r-release-macos-x86_64 | 2.0.2 | 23.00 | OK | |||
r-release-windows-x86_64 | 2.0.2 | 12.00 | 46.00 | 58.00 | OK | |
r-oldrel-macos-arm64 | 2.0.2 | 25.00 | OK | |||
r-oldrel-macos-x86_64 | 2.0.2 | 23.00 | OK | |||
r-oldrel-windows-x86_64 | 2.0.2 | 10.00 | 47.00 | 57.00 | OK |
Version: 2.0.2
Check: whether package can be installed
Result: WARN
Found the following significant warnings:
rping.c:102:6: warning: data argument not used by format string [-Wformat-extra-args]
See ‘/home/hornik/tmp/R.check/r-devel-clang/Work/PKGS/pingr.Rcheck/00install.out’ for details.
* used C compiler: ‘Debian clang version 17.0.5 (1)’
Flavor: r-devel-linux-x86_64-debian-clang
Version: 2.0.2
Check: whether package can be installed
Result: WARN
Found the following significant warnings:
rping.c:101:13: warning: too many arguments for format [-Wformat-extra-args]
See ‘/home/hornik/tmp/R.check/r-devel-gcc/Work/PKGS/pingr.Rcheck/00install.out’ for details.
* used C compiler: ‘gcc-13 (Debian 13.2.0-7) 13.2.0’
Flavor: r-devel-linux-x86_64-debian-gcc
Version: 2.0.2
Check: whether package can be installed
Result: WARN
Found the following significant warnings:
rping.c:102:6: warning: data argument not used by format string [-Wformat-extra-args]
See ‘/data/gannet/ripley/R/packages/tests-clang/pingr.Rcheck/00install.out’ for details.
* used C compiler: ‘clang version 17.0.5’
Flavor: r-devel-linux-x86_64-fedora-clang
Version: 2.0.2
Check: whether package can be installed
Result: WARN
Found the following significant warnings:
rping.c:101:13: warning: too many arguments for format [-Wformat-extra-args]
See ‘/data/gannet/ripley/R/packages/tests-devel/pingr.Rcheck/00install.out’ for details.
* used C compiler: ‘gcc-13 (GCC) 13.2.0’
Flavor: r-devel-linux-x86_64-fedora-gcc
Version: 2.0.2
Check: whether package can be installed
Result: WARN
Found the following significant warnings:
errors.c:54:28: warning: format '%d' expects argument of type 'int', but argument 3 has type 'DWORD' {aka 'long unsigned int'} [-Wformat=]
rping.c:101:13: warning: too many arguments for format [-Wformat-extra-args]
See 'd:/Rcompile/CRANpkg/local/4.4/pingr.Rcheck/00install.out' for details.
* used C compiler: 'gcc.exe (GCC) 12.3.0'
Flavor: r-devel-windows-x86_64