Last updated on 2023-06-04 08:57:17 CEST.
Flavor | Version | Tinstall | Tcheck | Ttotal | Status | Flags |
---|---|---|---|---|---|---|
r-devel-linux-x86_64-debian-clang | 1.1.3 | 43.88 | 62.48 | 106.36 | OK | |
r-devel-linux-x86_64-debian-gcc | 1.1.3 | 33.24 | 45.66 | 78.90 | OK | |
r-devel-linux-x86_64-fedora-clang | 1.1.3 | 137.16 | NOTE | |||
r-devel-linux-x86_64-fedora-gcc | 1.1.3 | 149.62 | NOTE | |||
r-devel-windows-x86_64 | 1.1.3 | 36.00 | 85.00 | 121.00 | OK | |
r-patched-linux-x86_64 | 1.1.3 | 40.02 | 59.35 | 99.37 | OK | |
r-release-linux-x86_64 | 1.1.3 | 37.17 | 59.36 | 96.53 | OK | |
r-release-macos-arm64 | 1.1.3 | 51.00 | NOTE | |||
r-release-macos-x86_64 | 1.1.3 | 81.00 | NOTE | |||
r-release-windows-x86_64 | 1.1.3 | 43.00 | 100.00 | 143.00 | OK | |
r-oldrel-macos-arm64 | 1.1.3 | 45.00 | NOTE | |||
r-oldrel-macos-x86_64 | 1.1.3 | 85.00 | NOTE | |||
r-oldrel-windows-x86_64 | 1.1.3 | 40.00 | 95.00 | 135.00 | OK |
Version: 1.1.3
Check: dependencies in R code
Result: NOTE
Namespace in Imports field not imported from: ‘utils’
All declared Imports should be used.
Flavors: r-devel-linux-x86_64-fedora-clang, r-devel-linux-x86_64-fedora-gcc, r-oldrel-macos-arm64, r-oldrel-macos-x86_64
Version: 1.1.3
Check: installed package size
Result: NOTE
installed size is 12.4Mb
sub-directories of 1Mb or more:
libs 12.1Mb
Flavors: r-release-macos-arm64, r-release-macos-x86_64, r-oldrel-macos-arm64, r-oldrel-macos-x86_64