Last updated on 2024-04-23 07:51:14 CEST.
Flavor | Version | Tinstall | Tcheck | Ttotal | Status | Flags |
---|---|---|---|---|---|---|
r-devel-linux-x86_64-debian-clang | 1.13.10 | 29.17 | 178.88 | 208.05 | OK | |
r-devel-linux-x86_64-debian-gcc | 1.13.10 | 25.50 | 127.62 | 153.12 | OK | |
r-devel-linux-x86_64-fedora-clang | 1.13.10 | 257.02 | NOTE | |||
r-devel-linux-x86_64-fedora-gcc | 1.13.10 | 241.37 | NOTE | |||
r-prerel-macos-arm64 | 1.13.10 | 60.00 | OK | |||
r-prerel-windows-x86_64 | 1.13.10 | 26.00 | 129.00 | 155.00 | OK | |
r-patched-linux-x86_64 | 1.13.10 | 33.55 | 167.28 | 200.83 | OK | |
r-release-linux-x86_64 | 1.13.10 | 28.35 | 172.88 | 201.23 | OK | |
r-release-macos-arm64 | 1.13.10 | 71.00 | OK | |||
r-release-macos-x86_64 | 1.13.10 | 126.00 | OK | |||
r-release-windows-x86_64 | 1.13.10 | 37.00 | 158.00 | 195.00 | OK | |
r-oldrel-macos-arm64 | 1.13.10 | 73.00 | OK | |||
r-oldrel-windows-x86_64 | 1.13.10 | 36.00 | 150.00 | 186.00 | OK |
Version: 1.13.10
Check: data for non-ASCII characters
Result: NOTE
Note: found 3 marked UTF-8 strings
Flavors: r-devel-linux-x86_64-fedora-clang, r-devel-linux-x86_64-fedora-gcc