Last updated on 2023-10-01 08:52:06 CEST.
Flavor | Version | Tinstall | Tcheck | Ttotal | Status | Flags |
---|---|---|---|---|---|---|
r-devel-linux-x86_64-debian-clang | 1.3.1 | 23.33 | 82.37 | 105.70 | NOTE | |
r-devel-linux-x86_64-debian-gcc | 1.3.1 | 15.47 | 64.35 | 79.82 | NOTE | |
r-devel-linux-x86_64-fedora-clang | 1.3.1 | 128.62 | NOTE | |||
r-devel-linux-x86_64-fedora-gcc | 1.3.1 | 139.36 | NOTE | |||
r-devel-windows-x86_64 | 1.3.1 | 19.00 | 95.00 | 114.00 | NOTE | |
r-patched-linux-x86_64 | 1.3.1 | 16.94 | 80.62 | 97.56 | NOTE | |
r-release-linux-x86_64 | 1.3.1 | 21.25 | 81.84 | 103.09 | NOTE | |
r-release-macos-arm64 | 1.3.1 | 47.00 | NOTE | |||
r-release-macos-x86_64 | 1.3.1 | 79.00 | NOTE | |||
r-release-windows-x86_64 | 1.3.1 | 23.00 | 105.00 | 128.00 | NOTE | |
r-oldrel-macos-arm64 | 1.3.1 | 46.00 | NOTE | |||
r-oldrel-macos-x86_64 | 1.3.1 | 60.00 | NOTE | |||
r-oldrel-windows-x86_64 | 1.3.1 | 22.00 | 108.00 | 130.00 | OK |
Version: 1.3.1
Check: C++ specification
Result: NOTE
Specified C++11: please drop specification unless essential
Flavors: r-devel-linux-x86_64-debian-clang, r-devel-linux-x86_64-debian-gcc, r-devel-linux-x86_64-fedora-clang, r-devel-linux-x86_64-fedora-gcc, r-devel-windows-x86_64, r-patched-linux-x86_64, r-release-linux-x86_64, r-release-macos-arm64, r-release-macos-x86_64, r-release-windows-x86_64
Version: 1.3.1
Check: installed package size
Result: NOTE
installed size is 6.0Mb
sub-directories of 1Mb or more:
libs 5.0Mb
Flavors: r-release-macos-arm64, r-release-macos-x86_64, r-oldrel-macos-arm64, r-oldrel-macos-x86_64