Last updated on 2023-09-25 20:08:55 CEST.
Flavor | Version | Tinstall | Tcheck | Ttotal | Status | Flags |
---|---|---|---|---|---|---|
r-devel-linux-x86_64-debian-clang | 0.1.0 | 2.36 | 46.64 | 49.00 | NOTE | |
r-devel-linux-x86_64-debian-gcc | 0.1.0 | 2.64 | 35.92 | 38.56 | NOTE | |
r-devel-linux-x86_64-fedora-clang | 0.1.0 | 61.21 | NOTE | |||
r-devel-linux-x86_64-fedora-gcc | 0.1.0 | 58.84 | NOTE | |||
r-devel-windows-x86_64 | 0.1.0 | 6.00 | 58.00 | 64.00 | NOTE | |
r-patched-linux-x86_64 | 0.1.0 | 3.74 | 44.45 | 48.19 | NOTE | |
r-release-linux-x86_64 | 0.1.0 | 3.49 | 44.56 | 48.05 | NOTE | |
r-release-macos-arm64 | 0.1.0 | 23.00 | NOTE | |||
r-release-macos-x86_64 | 0.1.0 | 33.00 | NOTE | |||
r-release-windows-x86_64 | 0.1.0 | 5.00 | 63.00 | 68.00 | NOTE | |
r-oldrel-macos-arm64 | 0.1.0 | 24.00 | OK | |||
r-oldrel-macos-x86_64 | 0.1.0 | 31.00 | OK | |||
r-oldrel-windows-x86_64 | 0.1.0 | 5.00 | 61.00 | 66.00 | OK |
Version: 0.1.0
Check: package subdirectories
Result: NOTE
Problems with news in ‘NEWS.md’:
No news entries found.
Flavors: r-devel-linux-x86_64-debian-clang, r-devel-linux-x86_64-debian-gcc, r-devel-linux-x86_64-fedora-clang, r-devel-linux-x86_64-fedora-gcc, r-devel-windows-x86_64, r-patched-linux-x86_64, r-release-linux-x86_64, r-release-macos-arm64, r-release-macos-x86_64, r-release-windows-x86_64
Version: 0.1.0
Check: Rd \usage sections
Result: NOTE
Documented arguments not in \usage in documentation object 'TungUbRF':
‘feature_num_tree’
Functions with \usage entries need to have the appropriate \alias
entries, and all their arguments documented.
The \usage entries must correspond to syntactically valid R code.
See chapter ‘Writing R documentation files’ in the ‘Writing R
Extensions’ manual.
Flavors: r-devel-linux-x86_64-debian-clang, r-devel-linux-x86_64-debian-gcc, r-devel-linux-x86_64-fedora-clang, r-devel-linux-x86_64-fedora-gcc, r-devel-windows-x86_64