Last updated on 2023-06-10 19:56:56 CEST.
Flavor | Version | Tinstall | Tcheck | Ttotal | Status | Flags |
---|---|---|---|---|---|---|
r-devel-linux-x86_64-debian-clang | 1.5-1 | 53.65 | 345.28 | 398.93 | NOTE | |
r-devel-linux-x86_64-debian-gcc | 1.5-1 | 43.05 | 256.80 | 299.85 | NOTE | |
r-devel-linux-x86_64-fedora-clang | 1.5-1 | 494.69 | NOTE | |||
r-devel-linux-x86_64-fedora-gcc | 1.5-1 | 471.14 | NOTE | |||
r-devel-windows-x86_64 | 1.5-1 | 42.00 | 260.00 | 302.00 | NOTE | |
r-patched-linux-x86_64 | 1.5-1 | 58.41 | 326.83 | 385.24 | NOTE | |
r-release-linux-x86_64 | 1.5-1 | 47.24 | 334.47 | 381.71 | NOTE | |
r-release-macos-arm64 | 1.5-1 | 111.00 | NOTE | |||
r-release-macos-x86_64 | 1.5-1 | 217.00 | NOTE | |||
r-release-windows-x86_64 | 1.5-1 | 57.00 | 331.00 | 388.00 | NOTE | |
r-oldrel-macos-arm64 | 1.5-1 | 94.00 | OK | |||
r-oldrel-macos-x86_64 | 1.5-1 | 156.00 | OK | |||
r-oldrel-windows-x86_64 | 1.5-1 | 56.00 | 324.00 | 380.00 | OK |
Version: 1.5-1
Check: Rd \usage sections
Result: NOTE
S3 methods shown with full name in documentation object ‘midpoint.root’:
‘midpoint.root’
The \usage entries for S3 methods should use the \method markup and not
their full name.
See chapter ‘Writing R documentation files’ in the ‘Writing R
Extensions’ manual.
Flavors: r-devel-linux-x86_64-debian-clang, r-devel-linux-x86_64-debian-gcc, r-devel-linux-x86_64-fedora-clang, r-devel-linux-x86_64-fedora-gcc, r-devel-windows-x86_64, r-patched-linux-x86_64, r-release-linux-x86_64, r-release-macos-arm64, r-release-macos-x86_64, r-release-windows-x86_64
Version: 1.5-1
Check: package dependencies
Result: NOTE
Package suggested but not available for checking: ‘geiger’
Flavor: r-release-macos-x86_64
Version: 1.5-1
Check: Rd cross-references
Result: NOTE
Package unavailable to check Rd xrefs: ‘geiger’
Flavor: r-release-macos-x86_64