Last updated on 2023-09-28 19:59:49 CEST.
Flavor | Version | Tinstall | Tcheck | Ttotal | Status | Flags |
---|---|---|---|---|---|---|
r-devel-linux-x86_64-debian-clang | 1.0.8 | 43.92 | 423.60 | 467.52 | OK | |
r-devel-linux-x86_64-debian-gcc | 1.0.8 | 32.13 | 303.96 | 336.09 | OK | |
r-devel-linux-x86_64-fedora-clang | 1.0.8 | 554.18 | NOTE | |||
r-devel-linux-x86_64-fedora-gcc | 1.0.8 | 593.31 | OK | |||
r-devel-windows-x86_64 | 1.0.8 | 30.00 | 269.00 | 299.00 | OK | |
r-patched-linux-x86_64 | 1.0.8 | 44.75 | 405.48 | 450.23 | OK | |
r-release-linux-x86_64 | 1.0.8 | 35.62 | 402.49 | 438.11 | OK | |
r-release-macos-arm64 | 1.0.8 | 135.00 | NOTE | |||
r-release-macos-x86_64 | 1.0.8 | 246.00 | NOTE | |||
r-release-windows-x86_64 | 1.0.8 | 42.00 | 375.00 | 417.00 | OK | |
r-oldrel-macos-arm64 | 1.0.8 | 119.00 | OK | |||
r-oldrel-macos-x86_64 | 1.0.8 | 187.00 | OK | |||
r-oldrel-windows-x86_64 | 1.0.8 | 44.00 | 344.00 | 388.00 | OK |
Version: 1.0.8
Check: Rd cross-references
Result: NOTE
Undeclared package ‘picante’ in Rd xrefs
Flavor: r-devel-linux-x86_64-fedora-clang
Version: 1.0.8
Check: package dependencies
Result: NOTE
Package suggested but not available for checking: ‘phyloseq’
Flavors: r-release-macos-arm64, r-release-macos-x86_64