CRAN Package Check Results for Package phylobase

Last updated on 2023-10-04 08:01:45 CEST.

Flavor Version Tinstall Tcheck Ttotal Status Flags
r-devel-linux-x86_64-debian-clang 0.8.10 41.80 172.44 214.24 NOTE
r-devel-linux-x86_64-debian-gcc 0.8.10 31.68 126.32 158.00 NOTE
r-devel-linux-x86_64-fedora-clang 0.8.10 262.05 NOTE
r-devel-linux-x86_64-fedora-gcc 0.8.10 270.33 NOTE
r-devel-windows-x86_64 0.8.10 35.00 170.00 205.00 NOTE
r-patched-linux-x86_64 0.8.10 40.97 162.75 203.72 NOTE
r-release-linux-x86_64 0.8.10 30.84 161.53 192.37 NOTE
r-release-macos-arm64 0.8.10 83.00 NOTE
r-release-macos-x86_64 0.8.10 151.00 NOTE
r-release-windows-x86_64 0.8.10 47.00 205.00 252.00 NOTE
r-oldrel-macos-arm64 0.8.10 67.00 OK
r-oldrel-macos-x86_64 0.8.10 130.00 OK
r-oldrel-windows-x86_64 0.8.10 45.00 195.00 240.00 OK

Check Details

Version: 0.8.10
Check: Rd files
Result: NOTE
    checkRd: (-1) phylo4d-methods.Rd:209: Escaped LaTeX specials: \$
Flavors: r-devel-linux-x86_64-debian-clang, r-devel-linux-x86_64-debian-gcc, r-devel-linux-x86_64-fedora-clang, r-devel-linux-x86_64-fedora-gcc, r-devel-windows-x86_64, r-patched-linux-x86_64, r-release-linux-x86_64, r-release-macos-arm64, r-release-macos-x86_64, r-release-windows-x86_64