Last updated on 2024-04-23 07:51:14 CEST.
Flavor | Version | Tinstall | Tcheck | Ttotal | Status | Flags |
---|---|---|---|---|---|---|
r-devel-linux-x86_64-debian-clang | 0.1-34 | 51.70 | 83.36 | 135.06 | NOTE | |
r-devel-linux-x86_64-debian-gcc | 0.1-34 | 44.53 | 61.30 | 105.83 | NOTE | |
r-devel-linux-x86_64-fedora-clang | 0.1-34 | 163.97 | NOTE | |||
r-devel-linux-x86_64-fedora-gcc | 0.1-34 | 186.59 | NOTE | |||
r-prerel-macos-arm64 | 0.1-34 | 55.00 | NOTE | |||
r-prerel-windows-x86_64 | 0.1-34 | 69.00 | 115.00 | 184.00 | NOTE | |
r-patched-linux-x86_64 | 0.1-34 | 59.57 | 79.09 | 138.66 | NOTE | |
r-release-linux-x86_64 | 0.1-34 | 53.97 | 78.04 | 132.01 | OK | |
r-release-macos-arm64 | 0.1-34 | 87.00 | OK | |||
r-release-macos-x86_64 | 0.1-34 | 99.00 | OK | |||
r-release-windows-x86_64 | 0.1-34 | 77.00 | 125.00 | 202.00 | OK | |
r-oldrel-macos-arm64 | 0.1-34 | 57.00 | OK | |||
r-oldrel-windows-x86_64 | 0.1-34 | 68.00 | 120.00 | 188.00 | OK |
Version: 0.1-34
Check: Rd files
Result: NOTE
checkRd: (-1) 11_d.init.method.Rd:22-23: Lost braces in \itemize; meant \describe ?
checkRd: (-1) 11_d.init.method.Rd:24-25: Lost braces in \itemize; meant \describe ?
checkRd: (-1) 11_d.init.method.Rd:26-27: Lost braces in \itemize; meant \describe ?
checkRd: (-1) 11_d.init.method.Rd:28-29: Lost braces in \itemize; meant \describe ?
checkRd: (-1) 11_d.init.method.Rd:30-31: Lost braces in \itemize; meant \describe ?
checkRd: (-1) 11_d.init.method.Rd:32: Lost braces in \itemize; meant \describe ?
checkRd: (-1) 11_d.init.procedure.Rd:21-23: Lost braces in \itemize; meant \describe ?
checkRd: (-1) 11_d.init.procedure.Rd:24-26: Lost braces in \itemize; meant \describe ?
checkRd: (-1) 11_d.init.procedure.Rd:27-30: Lost braces in \itemize; meant \describe ?
checkRd: (-1) 11_d.init.procedure.Rd:31-35: Lost braces in \itemize; meant \describe ?
checkRd: (-1) as.star.tree.Rd:26: Lost braces in \itemize; meant \describe ?
checkRd: (-1) as.star.tree.Rd:27: Lost braces in \itemize; meant \describe ?
checkRd: (-1) as.star.tree.Rd:28: Lost braces in \itemize; meant \describe ?
checkRd: (-1) as.star.tree.Rd:29: Lost braces in \itemize; meant \describe ?
Flavors: r-devel-linux-x86_64-debian-clang, r-devel-linux-x86_64-debian-gcc, r-devel-linux-x86_64-fedora-clang, r-devel-linux-x86_64-fedora-gcc, r-prerel-macos-arm64, r-prerel-windows-x86_64, r-patched-linux-x86_64