Last updated on 2024-03-28 07:52:58 CET.
Flavor | Version | Tinstall | Tcheck | Ttotal | Status | Flags |
---|---|---|---|---|---|---|
r-devel-linux-x86_64-debian-clang | 2.1.4 | 14.60 | 279.11 | 293.71 | OK | |
r-devel-linux-x86_64-debian-gcc | 2.1.4 | 9.91 | 205.84 | 215.75 | OK | |
r-devel-linux-x86_64-fedora-clang | 2.1.4 | 394.06 | NOTE | |||
r-devel-linux-x86_64-fedora-gcc | 2.1.4 | 378.26 | NOTE | |||
r-devel-windows-x86_64 | 2.1.4 | 11.00 | 218.00 | 229.00 | NOTE | |
r-patched-linux-x86_64 | 2.1.4 | 11.66 | 267.41 | 279.07 | OK | |
r-release-linux-x86_64 | 2.1.4 | 7.88 | 272.44 | 280.32 | OK | |
r-release-macos-arm64 | 2.1.4 | 114.00 | NOTE | |||
r-release-macos-x86_64 | 2.1.4 | 226.00 | NOTE | |||
r-release-windows-x86_64 | 2.1.4 | 16.00 | 279.00 | 295.00 | NOTE | |
r-oldrel-macos-arm64 | 2.1.4 | 90.00 | NOTE | |||
r-oldrel-windows-x86_64 | 2.1.4 | 18.00 | 276.00 | 294.00 | NOTE |
Version: 2.1.4
Check: installed package size
Result: NOTE
installed size is 7.3Mb
sub-directories of 1Mb or more:
doc 6.1Mb
Flavors: r-devel-linux-x86_64-fedora-clang, r-devel-windows-x86_64, r-release-macos-arm64, r-release-macos-x86_64, r-release-windows-x86_64, r-oldrel-macos-arm64, r-oldrel-windows-x86_64
Version: 2.1.4
Check: data for non-ASCII characters
Result: NOTE
Note: found 13 marked UTF-8 strings
Flavors: r-devel-linux-x86_64-fedora-clang, r-devel-linux-x86_64-fedora-gcc