Last updated on 2023-05-31 07:57:38 CEST.
Flavor | Version | Tinstall | Tcheck | Ttotal | Status | Flags |
---|---|---|---|---|---|---|
r-devel-linux-x86_64-debian-clang | 1.0.12 | 4.77 | 38.89 | 43.66 | NOTE | |
r-devel-linux-x86_64-debian-gcc | 1.0.12 | 3.69 | 30.04 | 33.73 | NOTE | |
r-devel-linux-x86_64-fedora-clang | 1.0.12 | 53.69 | NOTE | |||
r-devel-linux-x86_64-fedora-gcc | 1.0.12 | 50.88 | NOTE | |||
r-devel-windows-x86_64 | 1.0.12 | 6.00 | 49.00 | 55.00 | OK | |
r-patched-linux-x86_64 | 1.0.12 | 4.86 | 37.79 | 42.65 | NOTE | |
r-release-linux-x86_64 | 1.0.12 | 4.09 | 37.12 | 41.21 | NOTE | |
r-release-macos-arm64 | 1.0.12 | 20.00 | OK | |||
r-release-macos-x86_64 | 1.0.12 | 29.00 | OK | |||
r-release-windows-x86_64 | 1.0.12 | 6.00 | 55.00 | 61.00 | OK | |
r-oldrel-macos-arm64 | 1.0.12 | 18.00 | OK | |||
r-oldrel-macos-x86_64 | 1.0.12 | 28.00 | OK | |||
r-oldrel-windows-x86_64 | 1.0.12 | 7.00 | 58.00 | 65.00 | OK |
Version: 1.0.12
Check: for non-standard things in the check directory
Result: NOTE
Found the following files/directories:
‘test.pdf’
Flavors: r-devel-linux-x86_64-debian-clang, r-devel-linux-x86_64-debian-gcc, r-devel-linux-x86_64-fedora-clang, r-devel-linux-x86_64-fedora-gcc, r-patched-linux-x86_64, r-release-linux-x86_64