CRAN Package Check Results for Package pguIMP

Last updated on 2023-06-03 19:57:21 CEST.

Flavor Version Tinstall Tcheck Ttotal Status Flags
r-devel-linux-x86_64-debian-clang 0.0.0.3 53.39 254.89 308.28 OK
r-devel-linux-x86_64-debian-gcc 0.0.0.3 40.24 187.11 227.35 OK
r-devel-linux-x86_64-fedora-clang 0.0.0.3 382.14 NOTE
r-devel-linux-x86_64-fedora-gcc 0.0.0.3 369.39 NOTE
r-devel-windows-x86_64 0.0.0.3 45.00 191.00 236.00 NOTE
r-patched-linux-x86_64 0.0.0.3 OK
r-release-linux-x86_64 0.0.0.3 54.56 237.15 291.71 OK
r-release-macos-arm64 0.0.0.3 99.00 NOTE
r-release-macos-x86_64 0.0.0.3 144.00 NOTE
r-release-windows-x86_64 0.0.0.3 58.00 236.00 294.00 NOTE
r-oldrel-macos-arm64 0.0.0.3 92.00 NOTE
r-oldrel-macos-x86_64 0.0.0.3 189.00 NOTE
r-oldrel-windows-x86_64 0.0.0.3 61.00 227.00 288.00 NOTE

Check Details

Version: 0.0.0.3
Check: package dependencies
Result: NOTE
    Imports includes 38 non-default packages.
    Importing from so many packages makes the package vulnerable to any of
    them becoming unavailable. Move as many as possible to Suggests and
    use conditionally.
Flavor: r-devel-linux-x86_64-fedora-clang

Version: 0.0.0.3
Check: installed package size
Result: NOTE
     installed size is 6.5Mb
     sub-directories of 1Mb or more:
     application 5.0Mb
Flavors: r-devel-linux-x86_64-fedora-clang, r-devel-windows-x86_64, r-release-macos-arm64, r-release-macos-x86_64, r-release-windows-x86_64, r-oldrel-macos-arm64, r-oldrel-macos-x86_64, r-oldrel-windows-x86_64

Version: 0.0.0.3
Check: dependencies in R code
Result: NOTE
    Namespaces in Imports field not imported from:
     ‘rJava’ ‘shinyWidgets’ ‘shinydashboard’ ‘shinyjs’
     All declared Imports should be used.
Flavors: r-devel-linux-x86_64-fedora-clang, r-devel-linux-x86_64-fedora-gcc, r-oldrel-macos-arm64, r-oldrel-macos-x86_64