Last updated on 2024-04-23 07:51:14 CEST.
Flavor | Version | Tinstall | Tcheck | Ttotal | Status | Flags |
---|---|---|---|---|---|---|
r-devel-linux-x86_64-debian-clang | 2.0.3 | 6.13 | 73.80 | 79.93 | OK | |
r-devel-linux-x86_64-debian-gcc | 2.0.3 | 6.20 | 54.94 | 61.14 | OK | |
r-devel-linux-x86_64-fedora-clang | 2.0.3 | 100.15 | NOTE | |||
r-devel-linux-x86_64-fedora-gcc | 2.0.3 | 99.14 | OK | |||
r-prerel-macos-arm64 | 2.0.3 | 31.00 | OK | |||
r-prerel-macos-x86_64 | 2.0.3 | 92.00 | OK | |||
r-prerel-windows-x86_64 | 2.0.3 | 8.00 | 80.00 | 88.00 | OK | |
r-patched-linux-x86_64 | 2.0.3 | 7.49 | 71.68 | 79.17 | OK | |
r-release-linux-x86_64 | 2.0.3 | 6.70 | 71.87 | 78.57 | OK | |
r-release-macos-arm64 | 2.0.3 | 41.00 | OK | |||
r-release-macos-x86_64 | 2.0.3 | 85.00 | OK | |||
r-release-windows-x86_64 | 2.0.3 | 10.00 | 90.00 | 100.00 | OK | |
r-oldrel-macos-arm64 | 2.0.3 | 41.00 | OK | |||
r-oldrel-windows-x86_64 | 2.0.3 | 10.00 | 97.00 | 107.00 | OK |
Version: 2.0.3
Check: Rd cross-references
Result: NOTE
Undeclared packages ‘classInt’, ‘agricolae’, ‘plotrix’, ‘AICcmodavg’ in Rd xrefs
Flavor: r-devel-linux-x86_64-fedora-clang