Last updated on 2024-04-18 20:55:56 CEST.
Flavor | Version | Tinstall | Tcheck | Ttotal | Status | Flags |
---|---|---|---|---|---|---|
r-devel-linux-x86_64-debian-clang | 1.2-4 | 18.31 | 218.92 | 237.23 | OK | |
r-devel-linux-x86_64-debian-gcc | 1.2-4 | 14.73 | 157.55 | 172.28 | OK | |
r-devel-linux-x86_64-fedora-clang | 1.2-4 | 294.01 | OK | |||
r-devel-linux-x86_64-fedora-gcc | 1.2-4 | 297.69 | OK | |||
r-prerel-macos-arm64 | 1.2-4 | 77.00 | OK | |||
r-prerel-windows-x86_64 | 1.2-4 | 16.00 | 184.00 | 200.00 | OK | |
r-patched-linux-x86_64 | 1.2-4 | 23.69 | 208.74 | 232.43 | OK | |
r-release-linux-x86_64 | 1.2-4 | 13.09 | 209.88 | 222.97 | OK | |
r-release-macos-arm64 | 1.2-4 | 91.00 | OK | |||
r-release-macos-x86_64 | 1.2-4 | 156.00 | NOTE | |||
r-release-windows-x86_64 | 1.2-4 | 22.00 | 222.00 | 244.00 | OK | |
r-oldrel-macos-arm64 | 1.2-4 | 100.00 | OK | |||
r-oldrel-windows-x86_64 | 1.2-4 | 24.00 | 222.00 | 246.00 | OK |
Version: 1.2-4
Check: package dependencies
Result: NOTE
Package suggested but not available for checking: ‘lme4’
Flavor: r-release-macos-x86_64
Version: 1.2-4
Check: Rd cross-references
Result: NOTE
Package unavailable to check Rd xrefs: ‘lme4’
Flavor: r-release-macos-x86_64