Last updated on 2023-09-22 19:54:39 CEST.
Flavor | Version | Tinstall | Tcheck | Ttotal | Status | Flags |
---|---|---|---|---|---|---|
r-devel-linux-x86_64-debian-clang | 1.2-4 | 17.71 | 218.74 | 236.45 | OK | |
r-devel-linux-x86_64-debian-gcc | 1.2-4 | 16.06 | 167.77 | 183.83 | OK | |
r-devel-linux-x86_64-fedora-clang | 1.2-4 | 314.08 | OK | |||
r-devel-linux-x86_64-fedora-gcc | 1.2-4 | 304.79 | OK | |||
r-devel-windows-x86_64 | 1.2-4 | 19.00 | 187.00 | 206.00 | OK | |
r-patched-linux-x86_64 | 1.2-4 | 23.48 | 218.70 | 242.18 | OK | |
r-release-linux-x86_64 | 1.2-4 | 18.05 | 213.92 | 231.97 | OK | |
r-release-macos-arm64 | 1.2-4 | 91.00 | OK | |||
r-release-macos-x86_64 | 1.2-4 | 156.00 | NOTE | |||
r-release-windows-x86_64 | 1.2-4 | 23.00 | 225.00 | 248.00 | OK | |
r-oldrel-macos-arm64 | 1.2-4 | 100.00 | OK | |||
r-oldrel-macos-x86_64 | 1.2-4 | 119.00 | OK | |||
r-oldrel-windows-x86_64 | 1.2-4 | 24.00 | 226.00 | 250.00 | OK |
Version: 1.2-4
Check: package dependencies
Result: NOTE
Package suggested but not available for checking: ‘lme4’
Flavor: r-release-macos-x86_64
Version: 1.2-4
Check: Rd cross-references
Result: NOTE
Package unavailable to check Rd xrefs: ‘lme4’
Flavor: r-release-macos-x86_64