Last updated on 2024-03-28 19:48:40 CET.
Flavor | Version | Tinstall | Tcheck | Ttotal | Status | Flags |
---|---|---|---|---|---|---|
r-devel-linux-x86_64-debian-clang | 0.9-7 | 3.56 | 59.94 | 63.50 | NOTE | |
r-devel-linux-x86_64-debian-gcc | 0.9-7 | 2.64 | 44.85 | 47.49 | NOTE | |
r-devel-linux-x86_64-fedora-clang | 0.9-7 | 78.24 | NOTE | |||
r-devel-linux-x86_64-fedora-gcc | 0.9-7 | 89.89 | NOTE | |||
r-devel-windows-x86_64 | 0.9-7 | 4.00 | 65.00 | 69.00 | NOTE | |
r-patched-linux-x86_64 | 0.9-7 | 4.14 | 58.12 | 62.26 | NOTE | |
r-release-linux-x86_64 | 0.9-7 | 3.83 | 54.63 | 58.46 | NOTE | |
r-release-macos-arm64 | 0.9-7 | 33.00 | NOTE | |||
r-release-macos-x86_64 | 0.9-7 | 50.00 | NOTE | |||
r-release-windows-x86_64 | 0.9-7 | 4.00 | 72.00 | 76.00 | NOTE | |
r-oldrel-macos-arm64 | 0.9-7 | 28.00 | OK | |||
r-oldrel-windows-x86_64 | 0.9-7 | 6.00 | 83.00 | 89.00 | OK |
Version: 0.9-7
Check: Rd files
Result: NOTE
checkRd: (-1) jackal.Rd:32: Escaped LaTeX specials: \&
Flavors: r-devel-linux-x86_64-debian-clang, r-devel-linux-x86_64-debian-gcc, r-devel-linux-x86_64-fedora-clang, r-devel-linux-x86_64-fedora-gcc, r-devel-windows-x86_64, r-patched-linux-x86_64, r-release-linux-x86_64, r-release-macos-arm64, r-release-macos-x86_64, r-release-windows-x86_64